CRAN Package Check Results for Package elastic

Last updated on 2024-02-25 06:08:27 CET.

Flavor Version Tinstall Tcheck Ttotal Status Flags
r-devel-linux-x86_64-debian-clang 1.2.0 8.86 52.11 60.97 NOTE
r-devel-linux-x86_64-debian-gcc 1.2.0 5.49 39.80 45.29 NOTE
r-devel-linux-x86_64-fedora-clang 1.2.0 73.62 OK
r-devel-linux-x86_64-fedora-gcc 1.2.0 71.55 OK
r-devel-windows-x86_64 1.2.0 7.00 68.00 75.00 OK
r-patched-linux-x86_64 1.2.0 10.48 50.87 61.35 OK
r-release-linux-x86_64 1.2.0 6.24 51.02 57.26 OK
r-release-macos-arm64 1.2.0 28.00 OK
r-release-macos-x86_64 1.2.0 36.00 OK
r-release-windows-x86_64 1.2.0 9.00 78.00 87.00 OK
r-oldrel-macos-arm64 1.2.0 24.00 OK
r-oldrel-windows-x86_64 1.2.0 11.00 65.00 76.00 OK

Check Details

Version: 1.2.0
Check: Rd files
Result: NOTE checkRd: (-1) docs_delete_by_query.Rd:47: Lost braces; missing escapes or markup? 47 | as a document at .tasks/task/${taskId}. This is yours to keep or remove | ^ checkRd: (-1) docs_update_by_query.Rd:48: Lost braces; missing escapes or markup? 48 | as a document at .tasks/task/${taskId}. This is yours to keep or remove | ^ Flavors: r-devel-linux-x86_64-debian-clang, r-devel-linux-x86_64-debian-gcc