CRAN Package Check Results for Package embed

Last updated on 2022-01-28 05:48:55 CET.

Flavor Version Tinstall Tcheck Ttotal Status Flags
r-devel-linux-x86_64-debian-clang 0.1.5 14.88 185.14 200.02 OK
r-devel-linux-x86_64-debian-gcc 0.1.5 13.26 150.23 163.49 OK
r-devel-linux-x86_64-fedora-clang 0.1.5 250.57 OK
r-devel-linux-x86_64-fedora-gcc 0.1.5 240.27 OK
r-devel-windows-x86_64-new-UL 0.1.5 50.00 222.00 272.00 OK
r-devel-windows-x86_64-new-TK 0.1.5 NOTE
r-patched-linux-x86_64 0.1.5 19.47 165.49 184.96 OK
r-release-linux-x86_64 0.1.5 9.27 165.60 174.87 OK
r-release-macos-arm64 0.1.5 OK
r-release-macos-x86_64 0.1.5 OK
r-release-windows-ix86+x86_64 0.1.5 34.00 199.00 233.00 OK
r-oldrel-macos-x86_64 0.1.5 OK
r-oldrel-windows-ix86+x86_64 0.1.5 34.00 204.00 238.00 OK

Check Details

Version: 0.1.5
Check: package dependencies
Result: NOTE
    Packages suggested but not available for checking: 'lme4', 'rstanarm'
Flavor: r-devel-windows-x86_64-new-TK

Version: 0.1.5
Check: Rd cross-references
Result: NOTE
    Packages unavailable to check Rd xrefs: 'rstanarm', 'lme4'
Flavor: r-devel-windows-x86_64-new-TK