CRAN Package Check Results for Package embryogrowth

Last updated on 2019-12-09 05:47:11 CET.

Flavor Version Tinstall Tcheck Ttotal Status Flags
r-devel-linux-x86_64-debian-clang 7.6 19.16 100.32 119.48 OK
r-devel-linux-x86_64-debian-gcc 7.6 16.01 81.38 97.39 OK
r-devel-linux-x86_64-fedora-clang 7.6 145.24 NOTE
r-devel-linux-x86_64-fedora-gcc 7.6 136.58 NOTE
r-devel-windows-ix86+x86_64 7.6 30.00 172.00 202.00 OK
r-devel-windows-ix86+x86_64-gcc8 7.6 33.00 120.00 153.00 OK
r-patched-linux-x86_64 7.6 15.50 91.66 107.16 OK
r-patched-solaris-x86 7.6 181.10 NOTE
r-release-linux-x86_64 7.6 14.50 90.37 104.87 OK
r-release-windows-ix86+x86_64 7.6 34.00 115.00 149.00 OK
r-release-osx-x86_64 7.6 NOTE
r-oldrel-windows-ix86+x86_64 7.6 19.00 98.00 117.00 OK
r-oldrel-osx-x86_64 7.6 NOTE

Check Details

Version: 7.6
Check: data for non-ASCII characters
Result: NOTE
     Note: found 5 marked UTF-8 strings
Flavors: r-devel-linux-x86_64-fedora-clang, r-devel-linux-x86_64-fedora-gcc, r-patched-solaris-x86, r-release-osx-x86_64, r-oldrel-osx-x86_64