CRAN Package Check Results for Package embryogrowth

Last updated on 2019-08-18 05:46:13 CEST.

Flavor Version Tinstall Tcheck Ttotal Status Flags
r-devel-linux-x86_64-debian-clang 7.4.1 17.03 95.35 112.38 OK
r-devel-linux-x86_64-debian-gcc 7.4.1 14.55 74.37 88.92 OK
r-devel-linux-x86_64-fedora-clang 7.4.1 134.05 NOTE
r-devel-linux-x86_64-fedora-gcc 7.4.1 128.50 NOTE
r-devel-windows-ix86+x86_64 7.4.1 37.00 152.00 189.00 OK
r-patched-linux-x86_64 7.4.1 15.28 93.48 108.76 OK
r-patched-solaris-x86 7.4.1 194.80 NOTE
r-release-linux-x86_64 7.4.1 16.20 93.28 109.48 OK
r-release-windows-ix86+x86_64 7.4.1 41.00 156.00 197.00 OK
r-release-osx-x86_64 7.4.1 NOTE
r-oldrel-windows-ix86+x86_64 7.4.1 25.00 125.00 150.00 OK
r-oldrel-osx-x86_64 7.4.1 NOTE

Check Details

Version: 7.4.1
Check: data for non-ASCII characters
Result: NOTE
     Note: found 5 marked UTF-8 strings
Flavors: r-devel-linux-x86_64-fedora-clang, r-devel-linux-x86_64-fedora-gcc, r-patched-solaris-x86, r-release-osx-x86_64, r-oldrel-osx-x86_64