CRAN Package Check Results for Package emstreeR

Last updated on 2021-01-19 05:48:00 CET.

Flavor Version Tinstall Tcheck Ttotal Status Flags
r-devel-linux-x86_64-debian-clang 2.2.2 46.62 34.31 80.93 OK
r-devel-linux-x86_64-debian-gcc 2.2.2 31.01 27.16 58.17 OK
r-devel-linux-x86_64-fedora-clang 2.2.2 115.63 NOTE
r-devel-linux-x86_64-fedora-gcc 2.2.2 97.46 OK
r-devel-windows-ix86+x86_64 2.2.2 82.00 65.00 147.00 OK
r-patched-linux-x86_64 2.2.2 36.24 31.89 68.13 OK
r-patched-solaris-x86 2.2.2 108.20 OK
r-release-linux-x86_64 2.2.2 37.44 32.07 69.51 OK
r-release-macos-x86_64 2.2.2 WARN
r-release-windows-ix86+x86_64 2.2.2 93.00 57.00 150.00 OK
r-oldrel-macos-x86_64 2.2.2 WARN
r-oldrel-windows-ix86+x86_64 2.2.2 74.00 52.00 126.00 OK

Check Details

Version: 2.2.2
Check: installed package size
Result: NOTE
     installed size is 5.5Mb
     sub-directories of 1Mb or more:
     lib 4.0Mb
     libs 1.4Mb
Flavor: r-devel-linux-x86_64-fedora-clang

Version: 2.2.2
Check: whether package can be installed
Result: WARN
    Found the following significant warnings:
     WARNING: shared objects/dynamic libraries with hard-coded temporary installation paths
Flavors: r-release-macos-x86_64, r-oldrel-macos-x86_64