CRAN Package Check Results for Package encode

Last updated on 2024-07-21 06:52:07 CEST.

Flavor Version Tinstall Tcheck Ttotal Status Flags
r-devel-linux-x86_64-debian-clang 0.3.6 2.13 22.62 24.75 NOTE
r-devel-linux-x86_64-debian-gcc 0.3.6 1.75 17.24 18.99 NOTE
r-devel-linux-x86_64-fedora-clang 0.3.6 31.33 NOTE
r-devel-linux-x86_64-fedora-gcc 0.3.6 29.17 NOTE
r-devel-windows-x86_64 0.3.6 4.00 40.00 44.00 NOTE
r-patched-linux-x86_64 0.3.6 2.09 21.93 24.02 NOTE
r-release-linux-x86_64 0.3.6 2.12 20.99 23.11 NOTE
r-release-macos-arm64 0.3.6 14.00 NOTE
r-release-macos-x86_64 0.3.6 20.00 NOTE
r-release-windows-x86_64 0.3.6 2.00 46.00 48.00 NOTE
r-oldrel-macos-arm64 0.3.6 15.00 NOTE
r-oldrel-macos-x86_64 0.3.6 19.00 NOTE
r-oldrel-windows-x86_64 0.3.6 3.00 41.00 44.00 NOTE

Check Details

Version: 0.3.6
Check: Rd files
Result: NOTE checkRd: (-1) encode.character.Rd:22: Escaped LaTeX specials: \~ Flavors: r-devel-linux-x86_64-debian-clang, r-devel-linux-x86_64-debian-gcc, r-devel-linux-x86_64-fedora-clang, r-devel-linux-x86_64-fedora-gcc, r-devel-windows-x86_64, r-patched-linux-x86_64, r-release-linux-x86_64, r-release-macos-arm64, r-release-macos-x86_64, r-release-windows-x86_64, r-oldrel-macos-arm64, r-oldrel-macos-x86_64, r-oldrel-windows-x86_64

Version: 0.3.6
Check: LazyData
Result: NOTE 'LazyData' is specified without a 'data' directory Flavors: r-devel-linux-x86_64-debian-clang, r-devel-linux-x86_64-debian-gcc, r-devel-linux-x86_64-fedora-clang, r-devel-linux-x86_64-fedora-gcc, r-devel-windows-x86_64, r-patched-linux-x86_64, r-release-linux-x86_64, r-release-macos-arm64, r-release-macos-x86_64, r-release-windows-x86_64, r-oldrel-macos-arm64, r-oldrel-macos-x86_64, r-oldrel-windows-x86_64