CRAN Package Check Results for Package entropart

Last updated on 2024-06-13 06:58:00 CEST.

Flavor Version Tinstall Tcheck Ttotal Status Flags
r-devel-linux-x86_64-debian-clang 1.6-13 10.30 191.04 201.34 OK
r-devel-linux-x86_64-debian-gcc 1.6-13 0.55 1.74 2.29 ERROR
r-devel-linux-x86_64-fedora-clang 1.6-13 253.57 OK
r-devel-linux-x86_64-fedora-gcc 1.6-13 257.14 OK
r-devel-windows-x86_64 1.6-13 14.00 207.00 221.00 OK
r-patched-linux-x86_64 1.6-13 27.30 185.42 212.72 OK
r-release-linux-x86_64 1.6-13 12.43 179.72 192.15 OK
r-release-macos-arm64 1.6-13 85.00 OK
r-release-macos-x86_64 1.6-13 117.00 OK
r-release-windows-x86_64 1.6-13 13.00 206.00 219.00 OK
r-oldrel-macos-arm64 1.6-13 65.00 OK
r-oldrel-macos-x86_64 1.6-13 98.00 OK
r-oldrel-windows-x86_64 1.6-13 15.00 234.00 249.00 OK

Check Details

Version: 1.6-13
Check: package dependencies
Result: ERROR Packages required but not available: 'ggplot2', 'ggpubr', 'reshape2', 'tibble' Packages suggested but not available for checking: 'pkgdown', 'testthat' See section ‘The DESCRIPTION file’ in the ‘Writing R Extensions’ manual. Flavor: r-devel-linux-x86_64-debian-gcc