CRAN Package Check Results for Package entrymodels

Last updated on 2024-06-22 06:50:44 CEST.

Flavor Version Tinstall Tcheck Ttotal Status Flags
r-devel-linux-x86_64-debian-clang 0.2.1 3.45 47.89 51.34 NOTE
r-devel-linux-x86_64-debian-gcc 0.2.1 4.24 35.74 39.98 NOTE
r-devel-linux-x86_64-fedora-clang 0.2.1 67.60 NOTE
r-devel-linux-x86_64-fedora-gcc 0.2.1 61.63 NOTE
r-devel-windows-x86_64 0.2.1 7.00 60.00 67.00 NOTE
r-patched-linux-x86_64 0.2.1 5.70 45.54 51.24 NOTE
r-release-linux-x86_64 0.2.1 3.54 46.86 50.40 NOTE
r-release-macos-arm64 0.2.1 24.00 NOTE
r-release-macos-x86_64 0.2.1 33.00 NOTE
r-release-windows-x86_64 0.2.1 6.00 54.00 60.00 NOTE
r-oldrel-macos-arm64 0.2.1 27.00 NOTE
r-oldrel-macos-x86_64 0.2.1 33.00 NOTE
r-oldrel-windows-x86_64 0.2.1 7.00 59.00 66.00 NOTE

Check Details

Version: 0.2.1
Check: LazyData
Result: NOTE 'LazyData' is specified without a 'data' directory Flavors: r-devel-linux-x86_64-debian-clang, r-devel-linux-x86_64-debian-gcc, r-devel-linux-x86_64-fedora-clang, r-devel-linux-x86_64-fedora-gcc, r-devel-windows-x86_64, r-patched-linux-x86_64, r-release-linux-x86_64, r-release-macos-arm64, r-release-macos-x86_64, r-release-windows-x86_64, r-oldrel-macos-arm64, r-oldrel-macos-x86_64, r-oldrel-windows-x86_64