CRAN Package Check Results for Package epidata

Last updated on 2024-06-13 06:58:00 CEST.

Flavor Version Tinstall Tcheck Ttotal Status Flags
r-devel-linux-x86_64-debian-clang 0.4.0 4.95 58.51 63.46 OK
r-devel-linux-x86_64-debian-gcc 0.4.0 0.42 1.72 2.14 ERROR
r-devel-linux-x86_64-fedora-clang 0.4.0 82.39 NOTE
r-devel-linux-x86_64-fedora-gcc 0.4.0 76.57 NOTE
r-devel-windows-x86_64 0.4.0 8.00 83.00 91.00 OK
r-patched-linux-x86_64 0.4.0 7.35 56.72 64.07 OK
r-release-linux-x86_64 0.4.0 4.42 56.96 61.38 OK
r-release-macos-arm64 0.4.0 51.00 OK
r-release-macos-x86_64 0.4.0 59.00 OK
r-release-windows-x86_64 0.4.0 10.00 85.00 95.00 OK
r-oldrel-macos-arm64 0.4.0 50.00 OK
r-oldrel-macos-x86_64 0.4.0 62.00 OK
r-oldrel-windows-x86_64 0.4.0 9.00 91.00 100.00 OK

Check Details

Version: 0.4.0
Check: package dependencies
Result: ERROR Packages required but not available: 'purrr', 'dplyr', 'rvest', 'tidyr', 'readr' See section ‘The DESCRIPTION file’ in the ‘Writing R Extensions’ manual. Flavor: r-devel-linux-x86_64-debian-gcc

Version: 0.4.0
Check: dependencies in R code
Result: NOTE Namespace in Imports field not imported from: ‘tinytest’ All declared Imports should be used. Flavors: r-devel-linux-x86_64-fedora-clang, r-devel-linux-x86_64-fedora-gcc