CRAN Package Check Results for Package epos

Last updated on 2024-06-21 06:58:13 CEST.

Flavor Version Tinstall Tcheck Ttotal Status Flags
r-devel-linux-x86_64-debian-clang 1.1 6.35 77.43 83.78 OK
r-devel-linux-x86_64-debian-gcc 1.1 4.03 60.34 64.37 OK
r-devel-linux-x86_64-fedora-clang 1.1 108.72 NOTE
r-devel-linux-x86_64-fedora-gcc 1.1 102.49 NOTE
r-devel-windows-x86_64 1.1 9.00 89.00 98.00 OK
r-patched-linux-x86_64 1.1 5.59 75.57 81.16 OK
r-release-linux-x86_64 1.1 4.88 75.21 80.09 OK
r-release-macos-arm64 1.1 32.00 OK
r-release-macos-x86_64 1.1 50.00 OK
r-release-windows-x86_64 1.1 9.00 88.00 97.00 OK
r-oldrel-macos-arm64 1.1 42.00 OK
r-oldrel-macos-x86_64 1.1 91.00 OK
r-oldrel-windows-x86_64 1.1 10.00 107.00 117.00 OK

Check Details

Version: 1.1
Check: dependencies in R code
Result: NOTE Namespace in Imports field not imported from: ‘testthat’ All declared Imports should be used. Flavors: r-devel-linux-x86_64-fedora-clang, r-devel-linux-x86_64-fedora-gcc

Version: 1.1
Check: data for non-ASCII characters
Result: NOTE Note: found 15 marked UTF-8 strings Flavors: r-devel-linux-x86_64-fedora-clang, r-devel-linux-x86_64-fedora-gcc