CRAN Package Check Results for Package ergMargins

Last updated on 2022-01-25 05:54:41 CET.

Flavor Version Tinstall Tcheck Ttotal Status Flags
r-devel-linux-x86_64-debian-clang 0.1.3 3.96 47.04 51.00 OK
r-devel-linux-x86_64-debian-gcc 0.1.3 4.23 36.89 41.12 OK
r-devel-linux-x86_64-fedora-clang 0.1.3 65.02 NOTE
r-devel-linux-x86_64-fedora-gcc 0.1.3 53.12 NOTE
r-devel-windows-x86_64-new-UL 0.1.3 26.00 65.00 91.00 OK
r-devel-windows-x86_64-new-TK 0.1.3 NOTE
r-patched-linux-x86_64 0.1.3 4.39 45.11 49.50 OK
r-release-linux-x86_64 0.1.3 4.03 44.69 48.72 OK
r-release-macos-arm64 0.1.3 NOTE
r-release-macos-x86_64 0.1.3 NOTE
r-release-windows-ix86+x86_64 0.1.3 10.00 50.00 60.00 OK
r-oldrel-macos-x86_64 0.1.3 NOTE
r-oldrel-windows-ix86+x86_64 0.1.3 10.00 54.00 64.00 OK

Check Details

Version: 0.1.3
Check: dependencies in R code
Result: NOTE
    Namespaces in Imports field not imported from:
     ‘methods’ ‘sna’ ‘statnet.common’
     All declared Imports should be used.
Flavors: r-devel-linux-x86_64-fedora-clang, r-devel-linux-x86_64-fedora-gcc, r-devel-windows-x86_64-new-TK, r-release-macos-arm64, r-release-macos-x86_64, r-oldrel-macos-x86_64

Version: 0.1.3
Check: Rd cross-references
Result: NOTE
    Undeclared package ‘margins’ in Rd xrefs
Flavor: r-devel-linux-x86_64-fedora-clang