CRAN Package Check Results for Package ergm.ego

Last updated on 2019-08-21 05:46:51 CEST.

Flavor Version Tinstall Tcheck Ttotal Status Flags
r-devel-linux-x86_64-debian-clang 0.5 10.01 136.86 146.87 OK
r-devel-linux-x86_64-debian-gcc 0.5 8.29 106.43 114.72 OK
r-devel-linux-x86_64-fedora-clang 0.5 174.97 OK
r-devel-linux-x86_64-fedora-gcc 0.5 172.36 OK
r-devel-windows-ix86+x86_64 0.5 28.00 186.00 214.00 OK
r-patched-linux-x86_64 0.5 9.77 132.52 142.29 OK
r-patched-solaris-x86 0.5 276.70 OK
r-release-linux-x86_64 0.5 9.37 132.61 141.98 OK
r-release-windows-ix86+x86_64 0.5 18.00 142.00 160.00 OK
r-release-osx-x86_64 0.5 OK
r-oldrel-windows-ix86+x86_64 0.5 19.00 175.00 194.00 OK
r-oldrel-osx-x86_64 0.5 ERROR

Check Details

Version: 0.5
Check: package dependencies
Result: ERROR
    Package required and available but unsuitable version: ‘ergm’
    
    See section ‘The DESCRIPTION file’ in the ‘Writing R Extensions’
    manual.
Flavor: r-oldrel-osx-x86_64