CRAN Package Check Results for Package ergm.ego

Last updated on 2019-12-07 05:47:31 CET.

Flavor Version Tinstall Tcheck Ttotal Status Flags
r-devel-linux-x86_64-debian-clang 0.5 12.94 144.65 157.59 OK
r-devel-linux-x86_64-debian-gcc 0.5 8.18 109.69 117.87 OK
r-devel-linux-x86_64-fedora-clang 0.5 188.08 OK
r-devel-linux-x86_64-fedora-gcc 0.5 174.11 OK
r-devel-windows-ix86+x86_64 0.5 21.00 197.00 218.00 OK
r-devel-windows-ix86+x86_64-gcc8 0.5 21.00 148.00 169.00 OK
r-patched-linux-x86_64 0.5 11.18 130.24 141.42 OK
r-patched-solaris-x86 0.5 272.80 OK
r-release-linux-x86_64 0.5 10.63 129.12 139.75 OK
r-release-windows-ix86+x86_64 0.5 17.00 149.00 166.00 OK
r-release-osx-x86_64 0.5 OK
r-oldrel-windows-ix86+x86_64 0.5 11.00 196.00 207.00 OK
r-oldrel-osx-x86_64 0.5 ERROR

Check Details

Version: 0.5
Check: package dependencies
Result: ERROR
    Package required and available but unsuitable version: ‘ergm’
    
    See section ‘The DESCRIPTION file’ in the ‘Writing R Extensions’
    manual.
Flavor: r-oldrel-osx-x86_64