CRAN Package Check Results for Package erp.easy

Last updated on 2021-09-21 05:51:04 CEST.

Flavor Version Tinstall Tcheck Ttotal Status Flags
r-devel-linux-x86_64-debian-clang 1.1.0 4.10 32.93 37.03 OK
r-devel-linux-x86_64-debian-gcc 1.1.0 3.15 24.98 28.13 OK
r-devel-linux-x86_64-fedora-clang 1.1.0 53.00 NOTE
r-devel-linux-x86_64-fedora-gcc 1.1.0 42.72 NOTE
r-devel-windows-x86_64 1.1.0 5.00 37.00 42.00 OK
r-devel-windows-x86_64-gcc10-UCRT 1.1.0 ERROR
r-patched-linux-x86_64 1.1.0 4.36 32.00 36.36 OK
r-patched-solaris-x86 1.1.0 63.20 NOTE
r-release-linux-x86_64 1.1.0 3.14 31.92 35.06 OK
r-release-macos-arm64 1.1.0 NOTE
r-release-macos-x86_64 1.1.0 NOTE
r-release-windows-ix86+x86_64 1.1.0 7.00 37.00 44.00 OK
r-oldrel-macos-x86_64 1.1.0 NOTE
r-oldrel-windows-ix86+x86_64 1.1.0 6.00 38.00 44.00 OK

Check Details

Version: 1.1.0
Check: dependencies in R code
Result: NOTE
    Namespace in Imports field not imported from: ‘signal’
     All declared Imports should be used.
Flavors: r-devel-linux-x86_64-fedora-clang, r-devel-linux-x86_64-fedora-gcc, r-devel-windows-x86_64-gcc10-UCRT, r-patched-solaris-x86, r-release-macos-arm64, r-release-macos-x86_64, r-oldrel-macos-x86_64

Version: 1.1.0
Check: whether package can be installed
Result: WARN
    Found the following significant warnings:
     WARNING: installation-time patches will not be applied, could not get the patches index
Flavor: r-devel-windows-x86_64-gcc10-UCRT

Version: 1.1.0
Check: PDF version of manual
Result: WARN
    LaTeX errors when creating PDF version.
    This typically indicates Rd problems.
Flavor: r-devel-windows-x86_64-gcc10-UCRT

Version: 1.1.0
Check: PDF version of manual without hyperrefs or index
Result: ERROR
    Re-running with no redirection of stdout/stderr.
Flavor: r-devel-windows-x86_64-gcc10-UCRT