CRAN Package Check Results for Package esc

Last updated on 2023-01-28 05:56:20 CET.

Flavor Version Tinstall Tcheck Ttotal Status Flags
r-devel-linux-x86_64-debian-clang 0.5.1 3.13 31.78 34.91 OK
r-devel-linux-x86_64-debian-gcc 0.5.1 2.88 24.43 27.31 OK
r-devel-linux-x86_64-fedora-clang 0.5.1 43.89 NOTE
r-devel-linux-x86_64-fedora-gcc 0.5.1 43.74 OK
r-devel-windows-x86_64 0.5.1 21.00 61.00 82.00 OK
r-patched-linux-x86_64 0.5.1 4.87 29.41 34.28 OK
r-release-linux-x86_64 0.5.1 3.95 29.50 33.45 OK
r-release-macos-arm64 0.5.1 17.00 OK
r-release-macos-x86_64 0.5.1 22.00 OK
r-release-windows-x86_64 0.5.1 9.00 54.00 63.00 OK
r-oldrel-macos-arm64 0.5.1 20.00 OK
r-oldrel-macos-x86_64 0.5.1 29.00 OK
r-oldrel-windows-ix86+x86_64 0.5.1 7.00 34.00 41.00 OK

Check Details

Version: 0.5.1
Check: Rd cross-references
Result: NOTE
    Undeclared package ‘metafor’ in Rd xrefs
Flavor: r-devel-linux-x86_64-fedora-clang