CRAN Package Check Results for Package essentials

Last updated on 2021-10-23 06:13:08 CEST.

Flavor Version Tinstall Tcheck Ttotal Status Flags
r-devel-linux-x86_64-debian-clang 0.1.0 3.10 21.47 24.57 NOTE
r-devel-linux-x86_64-debian-gcc 0.1.0 2.28 17.30 19.58 NOTE
r-devel-linux-x86_64-fedora-clang 0.1.0 41.12 NOTE
r-devel-linux-x86_64-fedora-gcc 0.1.0 30.57 NOTE
r-devel-windows-x86_64 0.1.0 6.00 44.00 50.00 NOTE
r-devel-windows-x86_64-gcc10-UCRT 0.1.0 NOTE
r-patched-linux-x86_64 0.1.0 2.89 21.10 23.99 NOTE
r-patched-solaris-x86 0.1.0 49.60 NOTE
r-release-linux-x86_64 0.1.0 2.83 21.26 24.09 NOTE
r-release-macos-arm64 0.1.0 NOTE
r-release-macos-x86_64 0.1.0 NOTE
r-release-windows-ix86+x86_64 0.1.0 9.00 33.00 42.00 NOTE
r-oldrel-macos-x86_64 0.1.0 OK
r-oldrel-windows-ix86+x86_64 0.1.0 12.00 51.00 63.00 OK

Check Details

Version: 0.1.0
Check: LazyData
Result: NOTE
     'LazyData' is specified without a 'data' directory
Flavors: r-devel-linux-x86_64-debian-clang, r-devel-linux-x86_64-debian-gcc, r-devel-linux-x86_64-fedora-clang, r-devel-linux-x86_64-fedora-gcc, r-devel-windows-x86_64, r-devel-windows-x86_64-gcc10-UCRT, r-patched-linux-x86_64, r-patched-solaris-x86, r-release-linux-x86_64, r-release-macos-arm64, r-release-macos-x86_64, r-release-windows-ix86+x86_64