CRAN Package Check Results for Package estimateW

Last updated on 2024-07-19 06:50:13 CEST.

Flavor Version Tinstall Tcheck Ttotal Status Flags
r-devel-linux-x86_64-debian-clang 0.0.1 6.76 50.65 57.41 OK
r-devel-linux-x86_64-debian-gcc 0.0.1 4.48 37.34 41.82 OK
r-devel-linux-x86_64-fedora-clang 0.0.1 70.37 OK
r-devel-linux-x86_64-fedora-gcc 0.0.1 64.51 OK
r-devel-windows-x86_64 0.0.1 6.00 66.00 72.00 NOTE
r-patched-linux-x86_64 0.0.1 9.54 45.86 55.40 OK
r-release-linux-x86_64 0.0.1 3.94 47.84 51.78 OK
r-release-macos-arm64 0.0.1 23.00 OK
r-release-macos-x86_64 0.0.1 50.00 OK
r-release-windows-x86_64 0.0.1 5.00 65.00 70.00 OK
r-oldrel-macos-arm64 0.0.1 24.00 OK
r-oldrel-macos-x86_64 0.0.1 36.00 OK
r-oldrel-windows-x86_64 0.0.1 5.00 69.00 74.00 OK

Check Details

Version: 0.0.1
Check: Rd cross-references
Result: NOTE Found the following Rd file(s) with Rd \link{} targets missing package anchors: W_sampler.Rd: R6Class beta_sampler.Rd: R6Class rho_sampler.Rd: R6Class sigma_sampler.Rd: R6Class Please provide package anchors for all Rd \link{} targets not in the package itself and the base packages. Flavor: r-devel-windows-x86_64