CRAN Package Check Results for Package etable

Last updated on 2019-08-21 05:46:51 CEST.

Flavor Version Tinstall Tcheck Ttotal Status Flags
r-devel-linux-x86_64-debian-clang 1.2.0 11.15 83.39 94.54 NOTE
r-devel-linux-x86_64-debian-gcc 1.2.0 9.50 64.04 73.54 NOTE
r-devel-linux-x86_64-fedora-clang 1.2.0 113.65 NOTE
r-devel-linux-x86_64-fedora-gcc 1.2.0 110.29 NOTE
r-devel-windows-ix86+x86_64 1.2.0 39.00 136.00 175.00 NOTE
r-patched-linux-x86_64 1.2.0 10.41 79.74 90.15 NOTE
r-patched-solaris-x86 1.2.0 173.00 NOTE
r-release-linux-x86_64 1.2.0 10.30 80.82 91.12 NOTE
r-release-windows-ix86+x86_64 1.2.0 20.00 92.00 112.00 NOTE
r-release-osx-x86_64 1.2.0 NOTE
r-oldrel-windows-ix86+x86_64 1.2.0 20.00 120.00 140.00 NOTE
r-oldrel-osx-x86_64 1.2.0 NOTE

Check Details

Version: 1.2.0
Check: dependencies in R code
Result: NOTE
    Packages in Depends field not imported from:
     'Hmisc' 'xtable'
     These packages need to be imported from (in the NAMESPACE file)
     for when this namespace is loaded but not attached.
Flavors: r-devel-linux-x86_64-debian-clang, r-devel-linux-x86_64-debian-gcc, r-devel-linux-x86_64-fedora-clang, r-devel-linux-x86_64-fedora-gcc, r-devel-windows-ix86+x86_64, r-patched-linux-x86_64, r-patched-solaris-x86, r-release-linux-x86_64, r-release-windows-ix86+x86_64, r-release-osx-x86_64, r-oldrel-windows-ix86+x86_64, r-oldrel-osx-x86_64

Version: 1.2.0
Check: R code for possible problems
Result: NOTE
    corr_p_cell: no visible global function definition for 'cov.wt'
    iqr_cell: no visible global function definition for 'quantile'
    iqr_cell: no visible global function definition for 'wtd.quantile'
    mean_sd_cell: no visible global function definition for 'wtd.mean'
    mean_sd_cell: no visible global function definition for 'wtd.var'
    mode_cell: no visible global function definition for 'wtd.table'
    quantile_cell: no visible global function definition for 'wtd.quantile'
    quantile_cell: no visible global function definition for 'quantile'
    stat_cell: no visible global function definition for 'quantile'
    stat_cell: no visible global function definition for 'wtd.quantile'
    stat_cell: no visible global function definition for 'wtd.mean'
    stat_cell: no visible global function definition for 'wtd.var'
    stat_cell: no visible global function definition for 'mad'
    stat_cell: no visible global function definition for 'wtd.table'
    Undefined global functions or variables:
     cov.wt mad quantile wtd.mean wtd.quantile wtd.table wtd.var
    Consider adding
     importFrom("stats", "cov.wt", "mad", "quantile")
    to your NAMESPACE file.
Flavors: r-devel-linux-x86_64-debian-clang, r-devel-linux-x86_64-debian-gcc, r-devel-linux-x86_64-fedora-clang, r-devel-linux-x86_64-fedora-gcc, r-devel-windows-ix86+x86_64, r-patched-linux-x86_64, r-patched-solaris-x86, r-release-linux-x86_64, r-release-windows-ix86+x86_64, r-release-osx-x86_64, r-oldrel-windows-ix86+x86_64, r-oldrel-osx-x86_64