Last updated on 2019-12-07 05:47:31 CET.
Flavor | Version | Tinstall | Tcheck | Ttotal | Status | Flags |
---|---|---|---|---|---|---|
r-devel-linux-x86_64-debian-clang | 0.1.6 | 5.51 | 61.72 | 67.23 | OK | |
r-devel-linux-x86_64-debian-gcc | 0.1.6 | 4.62 | 46.85 | 51.47 | OK | |
r-devel-linux-x86_64-fedora-clang | 0.1.6 | 74.59 | OK | |||
r-devel-linux-x86_64-fedora-gcc | 0.1.6 | 73.21 | OK | |||
r-devel-windows-ix86+x86_64 | 0.1.6 | 12.00 | 115.00 | 127.00 | OK | |
r-devel-windows-ix86+x86_64-gcc8 | 0.1.6 | 14.00 | 80.00 | 94.00 | OK | |
r-patched-linux-x86_64 | 0.1.6 | 5.15 | 54.84 | 59.99 | OK | |
r-patched-solaris-x86 | 0.1.6 | 99.10 | OK | |||
r-release-linux-x86_64 | 0.1.6 | 5.22 | 54.10 | 59.32 | OK | |
r-release-windows-ix86+x86_64 | 0.1.6 | 12.00 | 75.00 | 87.00 | OK | |
r-release-osx-x86_64 | 0.1.6 | OK | ||||
r-oldrel-windows-ix86+x86_64 | 0.1.5 | 8.00 | 77.00 | 85.00 | OK | |
r-oldrel-osx-x86_64 | 0.1.6 | ERROR |
Version: 0.1.6
Check: whether package can be installed
Result: ERROR
Installation failed.
Flavor: r-oldrel-osx-x86_64