CRAN Package Check Results for Package eulerr

Last updated on 2021-01-18 05:47:23 CET.

Flavor Version Tinstall Tcheck Ttotal Status Flags
r-devel-linux-x86_64-debian-clang 6.1.0 76.94 75.56 152.50 OK
r-devel-linux-x86_64-debian-gcc 6.1.0 49.91 56.64 106.55 OK
r-devel-linux-x86_64-fedora-clang 6.1.0 203.95 OK
r-devel-linux-x86_64-fedora-gcc 6.1.0 181.83 OK
r-devel-windows-ix86+x86_64 6.1.0 124.00 114.00 238.00 OK
r-patched-linux-x86_64 6.1.0 60.98 70.56 131.54 OK
r-patched-solaris-x86 6.1.0 188.40 OK
r-release-linux-x86_64 6.1.0 55.09 70.64 125.73 OK
r-release-macos-x86_64 6.1.0 NOTE
r-release-windows-ix86+x86_64 6.1.0 137.00 113.00 250.00 OK
r-oldrel-macos-x86_64 6.1.0 OK
r-oldrel-windows-ix86+x86_64 6.1.0 146.00 98.00 244.00 OK

Check Details

Version: 6.1.0
Check: installed package size
Result: NOTE
     installed size is 5.1Mb
     sub-directories of 1Mb or more:
     doc 1.1Mb
     libs 3.2Mb
Flavor: r-release-macos-x86_64