CRAN Package Check Results for Package exif

Last updated on 2022-01-22 05:10:16 CET.

Flavor Version Tinstall Tcheck Ttotal Status Flags
r-devel-linux-x86_64-debian-clang 0.1.0 21.92 34.47 56.39 OK
r-devel-linux-x86_64-debian-gcc 0.1.0 13.62 27.20 40.82 OK
r-devel-linux-x86_64-fedora-clang 0.1.0 77.27 NOTE
r-devel-linux-x86_64-fedora-gcc 0.1.0 61.06 NOTE
r-patched-linux-x86_64 0.1.0 17.12 33.44 50.56 OK
r-release-linux-x86_64 0.1.0 18.09 33.43 51.52 OK
r-release-macos-arm64 0.1.0 OK
r-release-macos-x86_64 0.1.0 OK
r-oldrel-macos-x86_64 0.1.0 OK

Check Details

Version: 0.1.0
Check: compiled code
Result: NOTE
    File ‘exif/libs/exif.so’:
     Found no calls to: ‘R_registerRoutines’, ‘R_useDynamicSymbols’
    
    It is good practice to register native routines and to disable symbol
    search.
    
    See ‘Writing portable packages’ in the ‘Writing R Extensions’ manual.
Flavors: r-devel-linux-x86_64-fedora-clang, r-devel-linux-x86_64-fedora-gcc