CRAN Package Check Results for Package exp2flux

Last updated on 2022-01-19 05:48:24 CET.

Flavor Version Tinstall Tcheck Ttotal Status Flags
r-devel-linux-x86_64-debian-clang 0.1 22.99 219.25 242.24 NOTE
r-devel-linux-x86_64-debian-gcc 0.1 23.04 166.49 189.53 NOTE
r-devel-linux-x86_64-fedora-clang 0.1 298.03 NOTE
r-devel-linux-x86_64-fedora-gcc 0.1 285.87 NOTE
r-devel-windows-x86_64-new-UL 0.1 33.00 212.00 245.00 NOTE
r-devel-windows-x86_64-new-TK 0.1 NOTE
r-patched-linux-x86_64 0.1 23.50 212.55 236.05 NOTE
r-release-linux-x86_64 0.1 NOTE
r-release-macos-arm64 0.1 ERROR
r-release-macos-x86_64 0.1 ERROR
r-release-windows-ix86+x86_64 0.1 56.00 221.00 277.00 NOTE
r-oldrel-macos-x86_64 0.1 ERROR
r-oldrel-windows-ix86+x86_64 0.1 54.00 204.00 258.00 OK

Check Details

Version: 0.1
Check: LazyData
Result: NOTE
     'LazyData' is specified without a 'data' directory
Flavors: r-devel-linux-x86_64-debian-clang, r-devel-linux-x86_64-debian-gcc, r-devel-linux-x86_64-fedora-clang, r-devel-linux-x86_64-fedora-gcc, r-devel-windows-x86_64-new-UL, r-devel-windows-x86_64-new-TK, r-patched-linux-x86_64, r-release-linux-x86_64, r-release-windows-ix86+x86_64

Version: 0.1
Check: package dependencies
Result: ERROR
    Package required but not available: ‘gage’
    
    See section ‘The DESCRIPTION file’ in the ‘Writing R Extensions’
    manual.
Flavors: r-release-macos-arm64, r-release-macos-x86_64, r-oldrel-macos-x86_64