CRAN Package Check Results for Package extdplyr

Last updated on 2021-06-14 05:50:31 CEST.

Flavor Version Tinstall Tcheck Ttotal Status Flags
r-devel-linux-x86_64-debian-clang 0.1.5 4.06 44.11 48.17 NOTE
r-devel-linux-x86_64-debian-gcc 0.1.5 3.10 33.19 36.29 NOTE
r-devel-linux-x86_64-fedora-clang 0.1.5 64.72 NOTE
r-devel-linux-x86_64-fedora-gcc 0.1.5 54.56 NOTE
r-devel-windows-x86_64 0.1.5 8.00 65.00 73.00 NOTE
r-devel-windows-x86_64-gcc10-UCRT 0.1.5 NOTE
r-patched-linux-x86_64 0.1.5 4.28 40.89 45.17 NOTE
r-patched-solaris-x86 0.1.5 78.40 NOTE
r-release-linux-x86_64 0.1.5 2.67 40.98 43.65 NOTE
r-release-macos-arm64 0.1.5 NOTE
r-release-macos-x86_64 0.1.5 NOTE
r-release-windows-ix86+x86_64 0.1.5 11.00 58.00 69.00 NOTE
r-oldrel-macos-x86_64 0.1.5 OK
r-oldrel-windows-ix86+x86_64 0.1.5 12.00 58.00 70.00 OK

Check Details

Version: 0.1.5
Check: LazyData
Result: NOTE
     'LazyData' is specified without a 'data' directory
Flavors: r-devel-linux-x86_64-debian-clang, r-devel-linux-x86_64-debian-gcc, r-devel-linux-x86_64-fedora-clang, r-devel-linux-x86_64-fedora-gcc, r-devel-windows-x86_64, r-devel-windows-x86_64-gcc10-UCRT, r-patched-linux-x86_64, r-patched-solaris-x86, r-release-linux-x86_64, r-release-macos-arm64, r-release-macos-x86_64, r-release-windows-ix86+x86_64