CRAN Package Check Results for Package exuber

Last updated on 2021-01-23 05:47:02 CET.

Flavor Version Tinstall Tcheck Ttotal Status Flags
r-devel-linux-x86_64-debian-clang 0.4.2 37.56 163.28 200.84 NOTE
r-devel-linux-x86_64-debian-gcc 0.4.2 25.37 125.69 151.06 NOTE
r-devel-linux-x86_64-fedora-clang 0.4.2 251.04 NOTE
r-devel-linux-x86_64-fedora-gcc 0.4.2 245.49 NOTE
r-devel-windows-ix86+x86_64 0.4.2 94.00 273.00 367.00 NOTE
r-patched-linux-x86_64 0.4.2 33.75 161.80 195.55 NOTE
r-patched-solaris-x86 0.4.2 299.10 NOTE
r-release-linux-x86_64 0.4.2 34.28 163.22 197.50 NOTE
r-release-macos-x86_64 0.4.2 NOTE
r-release-windows-ix86+x86_64 0.4.2 90.00 282.00 372.00 NOTE
r-oldrel-macos-x86_64 0.4.2 NOTE
r-oldrel-windows-ix86+x86_64 0.4.2 64.00 202.00 266.00 NOTE

Check Details

Version: 0.4.2
Check: package dependencies
Result: NOTE
    Package suggested but not available for checking: 'exuberdata'
Flavors: r-devel-linux-x86_64-debian-clang, r-devel-linux-x86_64-debian-gcc, r-devel-linux-x86_64-fedora-clang, r-devel-linux-x86_64-fedora-gcc, r-devel-windows-ix86+x86_64, r-patched-linux-x86_64, r-patched-solaris-x86, r-release-linux-x86_64, r-release-macos-x86_64, r-release-windows-ix86+x86_64, r-oldrel-macos-x86_64, r-oldrel-windows-ix86+x86_64