CRAN Package Check Results for Package ezmmek

Last updated on 2024-06-24 06:49:11 CEST.

Flavor Version Tinstall Tcheck Ttotal Status Flags
r-devel-linux-x86_64-debian-clang 0.2.4 2.97 49.31 52.28 NOTE
r-devel-linux-x86_64-debian-gcc 0.2.4 2.17 38.11 40.28 NOTE
r-devel-linux-x86_64-fedora-clang 0.2.4 70.23 NOTE
r-devel-linux-x86_64-fedora-gcc 0.2.4 77.16 NOTE
r-devel-windows-x86_64 0.2.4 4.00 58.00 62.00 NOTE
r-patched-linux-x86_64 0.2.4 2.79 47.39 50.18 NOTE
r-release-linux-x86_64 0.2.4 2.01 47.93 49.94 NOTE
r-release-macos-arm64 0.2.4 27.00 NOTE
r-release-macos-x86_64 0.2.4 46.00 NOTE
r-release-windows-x86_64 0.2.4 4.00 57.00 61.00 NOTE
r-oldrel-macos-arm64 0.2.4 29.00 NOTE
r-oldrel-macos-x86_64 0.2.4 41.00 NOTE
r-oldrel-windows-x86_64 0.2.4 5.00 61.00 66.00 NOTE

Check Details

Version: 0.2.4
Check: LazyData
Result: NOTE 'LazyData' is specified without a 'data' directory Flavors: r-devel-linux-x86_64-debian-clang, r-devel-linux-x86_64-debian-gcc, r-devel-linux-x86_64-fedora-clang, r-devel-linux-x86_64-fedora-gcc, r-devel-windows-x86_64, r-patched-linux-x86_64, r-release-linux-x86_64, r-release-macos-arm64, r-release-macos-x86_64, r-release-windows-x86_64, r-oldrel-macos-arm64, r-oldrel-macos-x86_64, r-oldrel-windows-x86_64