CRAN Package Check Results for Package fOptions

Last updated on 2021-12-05 05:52:47 CET.

Flavor Version Tinstall Tcheck Ttotal Status Flags
r-devel-linux-x86_64-debian-clang 3042.86 11.47 71.53 83.00 NOTE
r-devel-linux-x86_64-debian-gcc 3042.86 7.11 55.65 62.76 NOTE
r-devel-linux-x86_64-fedora-clang 3042.86 100.95 NOTE
r-devel-linux-x86_64-fedora-gcc 3042.86 89.42 NOTE
r-devel-windows-x86_64-new-UL 3042.86 21.00 102.00 123.00 NOTE
r-devel-windows-x86_64-new-TK 3042.86 NOTE
r-devel-windows-x86_64-old 3042.86 18.00 65.00 83.00 NOTE
r-patched-linux-x86_64 3042.86 10.21 63.64 73.85 NOTE
r-release-linux-x86_64 3042.86 9.03 69.91 78.94 NOTE
r-release-macos-arm64 3042.86 NOTE
r-release-macos-x86_64 3042.86 NOTE
r-release-windows-ix86+x86_64 3042.86 24.00 114.00 138.00 NOTE
r-oldrel-macos-x86_64 3042.86 OK
r-oldrel-windows-ix86+x86_64 3042.86 24.00 112.00 136.00 OK

Check Details

Version: 3042.86
Check: LazyData
Result: NOTE
     'LazyData' is specified without a 'data' directory
Flavors: r-devel-linux-x86_64-debian-clang, r-devel-linux-x86_64-debian-gcc, r-devel-linux-x86_64-fedora-clang, r-devel-linux-x86_64-fedora-gcc, r-devel-windows-x86_64-new-UL, r-devel-windows-x86_64-new-TK, r-devel-windows-x86_64-old, r-patched-linux-x86_64, r-release-linux-x86_64, r-release-macos-arm64, r-release-macos-x86_64, r-release-windows-ix86+x86_64

Version: 3042.86
Check: compiled code
Result: NOTE
    File ‘fOptions/libs/fOptions.so’:
     Found no calls to: ‘R_registerRoutines’, ‘R_useDynamicSymbols’
    
    It is good practice to register native routines and to disable symbol
    search.
    
    See ‘Writing portable packages’ in the ‘Writing R Extensions’ manual.
Flavors: r-devel-linux-x86_64-fedora-clang, r-devel-linux-x86_64-fedora-gcc