CRAN Package Check Results for Package factorstochvol

Last updated on 2019-07-16 05:48:12 CEST.

Flavor Version Tinstall Tcheck Ttotal Status Flags
r-devel-linux-x86_64-debian-clang 0.9.2 76.12 51.61 127.73 OK
r-devel-linux-x86_64-debian-gcc 0.9.2 71.96 40.40 112.36 OK
r-devel-linux-x86_64-fedora-clang 0.9.2 191.53 NOTE
r-devel-linux-x86_64-fedora-gcc 0.9.2 200.24 OK
r-devel-windows-ix86+x86_64 0.9.2 227.00 116.00 343.00 OK
r-patched-linux-x86_64 0.9.2 82.82 51.50 134.32 OK
r-patched-solaris-x86 0.9.2 201.30 OK
r-release-linux-x86_64 0.9.2 85.81 51.82 137.63 OK
r-release-windows-ix86+x86_64 0.9.2 173.00 119.00 292.00 OK
r-release-osx-x86_64 0.9.2 NOTE
r-oldrel-windows-ix86+x86_64 0.9.2 220.00 112.00 332.00 OK
r-oldrel-osx-x86_64 0.9.2 NOTE

Check Details

Version: 0.9.2
Check: installed package size
Result: NOTE
     installed size is 6.0Mb
     sub-directories of 1Mb or more:
     doc 1.6Mb
     libs 4.0Mb
Flavors: r-devel-linux-x86_64-fedora-clang, r-release-osx-x86_64, r-oldrel-osx-x86_64