CRAN Package Check Results for Package factorstochvol

Last updated on 2019-10-15 05:47:45 CEST.

Flavor Version Tinstall Tcheck Ttotal Status Flags
r-devel-linux-x86_64-debian-clang 0.9.3 102.33 73.66 175.99 OK
r-devel-linux-x86_64-debian-gcc 0.9.3 77.83 56.12 133.95 OK
r-devel-linux-x86_64-fedora-clang 0.9.3 237.55 NOTE
r-devel-linux-x86_64-fedora-gcc 0.9.3 226.17 OK
r-devel-windows-ix86+x86_64 0.9.3 228.00 160.00 388.00 OK
r-patched-linux-x86_64 0.9.3 79.33 71.69 151.02 OK
r-patched-solaris-x86 0.9.3 208.90 OK
r-release-linux-x86_64 0.9.3 84.19 71.99 156.18 OK
r-release-windows-ix86+x86_64 0.9.3 256.00 170.00 426.00 OK
r-release-osx-x86_64 0.9.3 NOTE
r-oldrel-windows-ix86+x86_64 0.9.3 151.00 120.00 271.00 OK
r-oldrel-osx-x86_64 0.9.3 NOTE

Check Details

Version: 0.9.3
Check: installed package size
Result: NOTE
     installed size is 6.5Mb
     sub-directories of 1Mb or more:
     doc 1.6Mb
     libs 4.5Mb
Flavors: r-devel-linux-x86_64-fedora-clang, r-release-osx-x86_64, r-oldrel-osx-x86_64