CRAN Package Check Results for Package fakeR

Last updated on 2022-01-26 05:54:15 CET.

Flavor Version Tinstall Tcheck Ttotal Status Flags
r-devel-linux-x86_64-debian-clang 1.0 3.15 55.77 58.92 NOTE
r-devel-linux-x86_64-debian-gcc 1.0 3.09 43.79 46.88 NOTE
r-devel-linux-x86_64-fedora-clang 1.0 77.33 OK
r-devel-linux-x86_64-fedora-gcc 1.0 61.00 OK
r-devel-windows-x86_64-new-UL 1.0 21.00 85.00 106.00 NOTE
r-devel-windows-x86_64-new-TK 1.0 OK
r-patched-linux-x86_64 1.0 4.07 52.17 56.24 NOTE
r-release-linux-x86_64 1.0 3.37 51.97 55.34 NOTE
r-release-macos-arm64 1.0 OK
r-release-macos-x86_64 1.0 OK
r-release-windows-ix86+x86_64 1.0 9.00 66.00 75.00 NOTE
r-oldrel-macos-x86_64 1.0 OK
r-oldrel-windows-ix86+x86_64 1.0 10.00 66.00 76.00 NOTE

Check Details

Version: 1.0
Check: package vignettes
Result: NOTE
    Package vignette with placeholder title 'Vignette Title':
     'my-vignette.Rmd'
Flavors: r-devel-linux-x86_64-debian-clang, r-devel-linux-x86_64-debian-gcc, r-devel-windows-x86_64-new-UL, r-patched-linux-x86_64, r-release-linux-x86_64, r-release-windows-ix86+x86_64, r-oldrel-windows-ix86+x86_64