CRAN Package Check Results for Package farff

Last updated on 2021-07-23 05:51:50 CEST.

Flavor Version Tinstall Tcheck Ttotal Status Flags
r-devel-linux-x86_64-debian-clang 1.1.1 4.45 34.65 39.10 OK
r-devel-linux-x86_64-debian-gcc 1.1.1 3.71 27.30 31.01 OK
r-devel-linux-x86_64-fedora-clang 1.1.1 56.28 NOTE
r-devel-linux-x86_64-fedora-gcc 1.1.1 44.29 OK
r-devel-windows-x86_64 1.1.1 7.00 41.00 48.00 OK
r-devel-windows-x86_64-gcc10-UCRT 1.1.1 OK
r-patched-linux-x86_64 1.1.1 4.36 33.04 37.40 OK
r-patched-solaris-x86 1.1.1 78.50 OK
r-release-linux-x86_64 1.1.1 4.55 33.05 37.60 OK
r-release-macos-arm64 1.1.1 OK
r-release-macos-x86_64 1.1.1 OK
r-release-windows-ix86+x86_64 1.1.1 15.00 48.00 63.00 OK
r-oldrel-macos-x86_64 1.1.1 OK
r-oldrel-windows-ix86+x86_64 1.1.1 15.00 60.00 75.00 OK

Check Details

Version: 1.1.1
Check: Rd cross-references
Result: NOTE
    Undeclared package ‘RWeka’ in Rd xrefs
Flavor: r-devel-linux-x86_64-fedora-clang