CRAN Package Check Results for Package fastLink

Last updated on 2021-01-22 05:50:27 CET.

Flavor Version Tinstall Tcheck Ttotal Status Flags
r-devel-linux-x86_64-debian-clang 0.6.0 71.11 124.22 195.33 OK
r-devel-linux-x86_64-debian-gcc 0.6.0 44.90 91.62 136.52 OK
r-devel-linux-x86_64-fedora-clang 0.6.0 264.55 NOTE
r-devel-linux-x86_64-fedora-gcc 0.6.0 227.51 OK
r-devel-windows-ix86+x86_64 0.6.0 152.00 200.00 352.00 NOTE
r-patched-linux-x86_64 0.6.0 58.88 112.80 171.68 OK
r-patched-solaris-x86 0.6.0 292.00 NOTE
r-release-linux-x86_64 0.6.0 57.80 112.30 170.10 OK
r-release-macos-x86_64 0.6.0 NOTE
r-release-windows-ix86+x86_64 0.6.0 146.00 209.00 355.00 NOTE
r-oldrel-macos-x86_64 0.6.0 NOTE
r-oldrel-windows-ix86+x86_64 0.6.0 100.00 137.00 237.00 NOTE

Check Details

Version: 0.6.0
Check: installed package size
Result: NOTE
     installed size is 7.6Mb
     sub-directories of 1Mb or more:
     data 4.8Mb
     libs 2.4Mb
Flavors: r-devel-linux-x86_64-fedora-clang, r-devel-windows-ix86+x86_64, r-patched-solaris-x86, r-release-macos-x86_64, r-release-windows-ix86+x86_64, r-oldrel-macos-x86_64, r-oldrel-windows-ix86+x86_64