CRAN Package Check Results for Package fastclime

Last updated on 2023-02-08 06:00:02 CET.

Flavor Version Tinstall Tcheck Ttotal Status Flags
r-devel-linux-x86_64-debian-clang 1.4.1 14.50 101.73 116.23 WARN
r-devel-linux-x86_64-debian-gcc 1.4.1 10.41 78.73 89.14 WARN
r-devel-linux-x86_64-fedora-clang 1.4.1 138.21 WARN
r-devel-linux-x86_64-fedora-gcc 1.4.1 150.45 WARN
r-devel-windows-x86_64 1.4.1 25.00 145.00 170.00 OK
r-patched-linux-x86_64 1.4.1 12.18 98.29 110.47 NOTE
r-release-linux-x86_64 1.4.1 9.77 96.26 106.03 NOTE
r-release-macos-arm64 1.4.1 44.00 OK
r-release-macos-x86_64 1.4.1 57.00 OK
r-release-windows-x86_64 1.4.1 33.00 151.00 184.00 OK
r-oldrel-macos-arm64 1.4.1 55.00 OK
r-oldrel-macos-x86_64 1.4.1 80.00 OK
r-oldrel-windows-ix86+x86_64 1.4.1 35.00 170.00 205.00 OK

Check Details

Version: 1.4.1
Check: whether package can be installed
Result: WARN
    Found the following significant warnings:
     ./lu.h:44:12: warning: a function declaration without a prototype is deprecated in all versions of C [-Wstrict-prototypes]
     lu.c:828:12: warning: a function declaration without a prototype is deprecated in all versions of C [-Wstrict-prototypes]
    See ‘/home/hornik/tmp/R.check/r-devel-clang/Work/PKGS/fastclime.Rcheck/00install.out’ for details.
    * used C compiler: ‘Debian clang version 15.0.6’
Flavor: r-devel-linux-x86_64-debian-clang

Version: 1.4.1
Check: for non-standard things in the check directory
Result: NOTE
    Found the following files/directories:
     ‘default5.eps’
Flavors: r-devel-linux-x86_64-debian-clang, r-devel-linux-x86_64-debian-gcc, r-devel-linux-x86_64-fedora-clang, r-devel-linux-x86_64-fedora-gcc, r-patched-linux-x86_64, r-release-linux-x86_64

Version: 1.4.1
Check: whether package can be installed
Result: WARN
    Found the following significant warnings:
     lu.h:44:1: warning: function declaration isn’t a prototype [-Wstrict-prototypes]
     lu.c:828:6: warning: function declaration isn’t a prototype [-Wstrict-prototypes]
    See ‘/home/hornik/tmp/R.check/r-devel-gcc/Work/PKGS/fastclime.Rcheck/00install.out’ for details.
    * used C compiler: ‘gcc-12 (Debian 12.2.0-14) 12.2.0’
Flavor: r-devel-linux-x86_64-debian-gcc

Version: 1.4.1
Check: whether package can be installed
Result: WARN
    Found the following significant warnings:
     ./lu.h:44:12: warning: a function declaration without a prototype is deprecated in all versions of C [-Wstrict-prototypes]
     lu.c:828:12: warning: a function declaration without a prototype is deprecated in all versions of C [-Wstrict-prototypes]
    See ‘/data/gannet/ripley/R/packages/tests-clang/fastclime.Rcheck/00install.out’ for details.
    * used C compiler: ‘clang version 15.0.7’
Flavor: r-devel-linux-x86_64-fedora-clang

Version: 1.4.1
Check: compiled code
Result: NOTE
    File ‘fastclime/libs/fastclime.so’:
     Found no calls to: ‘R_registerRoutines’, ‘R_useDynamicSymbols’
    
    It is good practice to register native routines and to disable symbol
    search.
    
    See ‘Writing portable packages’ in the ‘Writing R Extensions’ manual.
Flavors: r-devel-linux-x86_64-fedora-clang, r-devel-linux-x86_64-fedora-gcc

Version: 1.4.1
Check: whether package can be installed
Result: WARN
    Found the following significant warnings:
     lu.h:44:1: warning: function declaration isn’t a prototype [-Wstrict-prototypes]
     lu.c:828:6: warning: function declaration isn’t a prototype [-Wstrict-prototypes]
    See ‘/data/gannet/ripley/R/packages/tests-devel/fastclime.Rcheck/00install.out’ for details.
    * used C compiler: ‘gcc (GCC) 12.2.1 20221121 (Red Hat 12.2.1-4)’
Flavor: r-devel-linux-x86_64-fedora-gcc