CRAN Package Check Results for Package fasterize

Last updated on 2022-01-28 05:48:56 CET.

Flavor Version Tinstall Tcheck Ttotal Status Flags
r-devel-linux-x86_64-debian-clang 1.0.3 116.86 255.51 372.37 NOTE
r-devel-linux-x86_64-debian-gcc 1.0.3 90.67 190.83 281.50 NOTE
r-devel-linux-x86_64-fedora-clang 1.0.3 454.64 NOTE
r-devel-linux-x86_64-fedora-gcc 1.0.3 451.98 NOTE
r-devel-windows-x86_64-new-UL 1.0.3 115.00 267.00 382.00 NOTE
r-devel-windows-x86_64-new-TK 1.0.3 NOTE
r-patched-linux-x86_64 1.0.3 96.88 224.34 321.22 NOTE
r-release-linux-x86_64 1.0.3 102.30 224.64 326.94 NOTE
r-release-macos-arm64 1.0.3 NOTE
r-release-macos-x86_64 1.0.3 NOTE
r-release-windows-ix86+x86_64 1.0.3 277.00 351.00 628.00 NOTE
r-oldrel-macos-x86_64 1.0.3 OK
r-oldrel-windows-ix86+x86_64 1.0.3 280.00 365.00 645.00 OK

Check Details

Version: 1.0.3
Check: LazyData
Result: NOTE
     'LazyData' is specified without a 'data' directory
Flavors: r-devel-linux-x86_64-debian-clang, r-devel-linux-x86_64-debian-gcc, r-devel-linux-x86_64-fedora-clang, r-devel-linux-x86_64-fedora-gcc, r-devel-windows-x86_64-new-UL, r-devel-windows-x86_64-new-TK, r-patched-linux-x86_64, r-release-linux-x86_64, r-release-macos-arm64, r-release-macos-x86_64, r-release-windows-ix86+x86_64