CRAN Package Check Results for Package fcaR

Last updated on 2022-08-15 05:49:20 CEST.

Flavor Version Tinstall Tcheck Ttotal Status Flags
r-devel-linux-x86_64-debian-clang 1.1.1 66.02 133.89 199.91 NOTE
r-devel-linux-x86_64-debian-gcc 1.1.1 49.07 101.51 150.58 NOTE
r-devel-linux-x86_64-fedora-clang 1.1.1 270.41 OK
r-devel-linux-x86_64-fedora-gcc 1.1.1 266.26 NOTE
r-devel-windows-x86_64 1.1.1 78.00 196.00 274.00 OK
r-patched-linux-x86_64 1.1.1 54.04 123.29 177.33 OK
r-release-linux-x86_64 1.1.1 56.46 122.52 178.98 OK
r-release-macos-arm64 1.1.1 66.00 NOTE
r-release-macos-x86_64 1.1.1 96.00 OK
r-release-windows-x86_64 1.1.1 81.00 188.00 269.00 OK
r-oldrel-macos-arm64 1.1.1 74.00 OK
r-oldrel-macos-x86_64 1.1.1 92.00 OK
r-oldrel-windows-ix86+x86_64 1.1.1 154.00 239.00 393.00 OK

Check Details

Version: 1.1.1
Check: HTML version of manual
Result: NOTE
    Found the following HTML validation problems:
    ConceptLattice.html:92:6: Warning: missing </span> before <p>
    ConceptLattice.html:92:84: Warning: inserting implicit <span>
    ConceptLattice.html:95:6: Warning: missing </span> before <p>
    ConceptLattice.html:95:90: Warning: inserting implicit <span>
    ConceptLattice.html:98:6: Warning: missing </span> before <p>
    ConceptLattice.html:98:90: Warning: inserting implicit <span>
    ConceptLattice.html:101:6: Warning: missing </span> before <p>
    ConceptLattice.html:101:91: Warning: inserting implicit <span>
    ConceptLattice.html:104:6: Warning: missing </span> before <p>
    ConceptLattice.html:104:88: Warning: inserting implicit <span>
    ConceptLattice.html:107:6: Warning: missing </span> before <p>
    ConceptLattice.html:107:87: Warning: inserting implicit <span>
    ConceptLattice.html:110:6: Warning: missing </span> before <p>
    ConceptLattice.html:110:86: Warning: inserting implicit <span>
    ConceptLattice.html:113:6: Warning: missing </span> before <p>
    ConceptLattice.html:113:90: Warning: inserting implicit <span>
    ConceptLattice.html:116:6: Warning: missing </span> before <p>
    ConceptLattice.html:116:91: Warning: inserting implicit <span>
    ConceptLattice.html:119:6: Warning: missing </span> before <p>
    ConceptLattice.html:119:90: Warning: inserting implicit <span>
    ConceptLattice.html:92:84: Warning: <a> illegal characters found in URI
    ConceptLattice.html:92:6: Warning: trimming empty <span>
    ConceptLattice.html:95:6: Warning: trimming empty <span>
    ConceptLattice.html:98:6: Warning: trimming empty <span>
    ConceptLattice.html:101:6: Warning: trimming empty <span>
    ConceptLattice.html:104:6: Warning: trimming empty <span>
    ConceptLattice.html:107:6: Warning: trimming empty <span>
    ConceptLattice.html:110:6: Warning: trimming empty <span>
    ConceptLattice.html:113:6: Warning: trimming empty <span>
    ConceptLattice.html:116:6: Warning: trimming empty <span>
    ConceptLattice.html:119:6: Warning: trimming empty <span>
    ConceptSet.html:59:9: Warning: <a> illegal characters found in URI
    ImplicationSet.html:41:9: Warning: <a> illegal characters found in URI
    Set.html:41:9: Warning: <a> illegal characters found in URI
Flavors: r-devel-linux-x86_64-debian-clang, r-devel-linux-x86_64-debian-gcc, r-devel-linux-x86_64-fedora-gcc

Version: 1.1.1
Check: package dependencies
Result: NOTE
    Package suggested but not available for checking: ‘hasseDiagram’
Flavor: r-release-macos-arm64