CRAN Package Check Results for Package fdacluster

Last updated on 2024-02-25 06:08:28 CET.

Flavor Version Tinstall Tcheck Ttotal Status Flags
r-devel-linux-x86_64-debian-clang 0.3.0 315.38 338.08 653.46 OK
r-devel-linux-x86_64-debian-gcc 0.3.0 246.53 264.36 510.89 OK
r-devel-linux-x86_64-fedora-clang 0.3.0 954.56 NOTE
r-devel-linux-x86_64-fedora-gcc 0.3.0 892.50 OK
r-devel-windows-x86_64 0.3.0 233.00 439.00 672.00 NOTE
r-patched-linux-x86_64 0.3.0 227.58 323.00 550.58 OK
r-release-linux-x86_64 0.3.0 236.58 329.63 566.21 OK
r-release-macos-arm64 0.3.0 171.00 NOTE
r-release-macos-x86_64 0.3.0 394.00 NOTE
r-release-windows-x86_64 0.3.0 302.00 625.00 927.00 NOTE
r-oldrel-macos-arm64 0.3.0 191.00 NOTE
r-oldrel-windows-x86_64 0.3.0 286.00 599.00 885.00 NOTE

Check Details

Version: 0.3.0
Check: installed package size
Result: NOTE installed size is 6.7Mb sub-directories of 1Mb or more: R 1.8Mb doc 1.5Mb help 2.1Mb Flavors: r-devel-linux-x86_64-fedora-clang, r-devel-windows-x86_64, r-release-macos-arm64, r-release-macos-x86_64, r-release-windows-x86_64, r-oldrel-macos-arm64, r-oldrel-windows-x86_64