Last updated on 2023-01-28 05:56:21 CET.
Flavor | Version | Tinstall | Tcheck | Ttotal | Status | Flags |
---|---|---|---|---|---|---|
r-devel-linux-x86_64-debian-clang | 0.1.1 | 232.72 | 106.56 | 339.28 | OK | |
r-devel-linux-x86_64-debian-gcc | 0.1.1 | 176.50 | 86.06 | 262.56 | NOTE | |
r-devel-linux-x86_64-fedora-clang | 0.1.1 | 536.93 | OK | |||
r-devel-linux-x86_64-fedora-gcc | 0.1.1 | 471.06 | NOTE | |||
r-devel-windows-x86_64 | 0.1.1 | 182.00 | 154.00 | 336.00 | OK | |
r-patched-linux-x86_64 | 0.1.1 | 181.08 | 127.85 | 308.93 | OK | |
r-release-linux-x86_64 | 0.1.1 | 147.14 | 115.92 | 263.06 | OK | |
r-release-macos-arm64 | 0.1.1 | 103.00 | NOTE | |||
r-release-macos-x86_64 | 0.1.1 | 151.00 | NOTE | |||
r-release-windows-x86_64 | 0.1.1 | 180.00 | 197.00 | 377.00 | OK | |
r-oldrel-macos-arm64 | 0.1.1 | 128.00 | NOTE | |||
r-oldrel-macos-x86_64 | 0.1.1 | 145.00 | NOTE | |||
r-oldrel-windows-ix86+x86_64 | 0.1.1 | 558.00 | 254.00 | 812.00 | NOTE |
Version: 0.1.1
Check: C++ specification
Result: NOTE
Specified C++11: please update to current default of C++17
Flavors: r-devel-linux-x86_64-debian-gcc, r-devel-linux-x86_64-fedora-gcc
Version: 0.1.1
Check: installed package size
Result: NOTE
installed size is 9.7Mb
sub-directories of 1Mb or more:
data 2.7Mb
libs 6.7Mb
Flavors: r-release-macos-arm64, r-release-macos-x86_64, r-oldrel-macos-arm64, r-oldrel-macos-x86_64, r-oldrel-windows-ix86+x86_64