CRAN Package Check Results for Package fdadensity

Last updated on 2022-01-18 05:50:13 CET.

Flavor Version Tinstall Tcheck Ttotal Status Flags
r-devel-linux-x86_64-debian-clang 0.1.2 26.44 59.51 85.95 OK
r-devel-linux-x86_64-debian-gcc 0.1.2 17.00 45.81 62.81 OK
r-devel-linux-x86_64-fedora-clang 0.1.2 116.21 OK
r-devel-linux-x86_64-fedora-gcc 0.1.2 95.34 OK
r-devel-windows-x86_64-new-UL 0.1.2 61.00 108.00 169.00 OK
r-devel-windows-x86_64-new-TK 0.1.2 OK
r-patched-linux-x86_64 0.1.2 27.25 57.31 84.56 OK
r-release-linux-x86_64 0.1.2 OK
r-release-macos-arm64 0.1.2 OK
r-release-macos-x86_64 0.1.2 OK
r-release-windows-ix86+x86_64 0.1.2 61.00 111.00 172.00 NOTE
r-oldrel-macos-x86_64 0.1.2 OK
r-oldrel-windows-ix86+x86_64 0.1.2 63.00 114.00 177.00 NOTE

Check Details

Version: 0.1.2
Check: installed package size
Result: NOTE
     installed size is 5.4Mb
     sub-directories of 1Mb or more:
     data 3.3Mb
     libs 2.0Mb
Flavors: r-release-windows-ix86+x86_64, r-oldrel-windows-ix86+x86_64