CRAN Package Check Results for Package fdapace

Last updated on 2021-12-06 05:53:09 CET.

Flavor Version Tinstall Tcheck Ttotal Status Flags
r-devel-linux-x86_64-debian-clang 0.5.8 305.35 207.05 512.40 OK
r-devel-linux-x86_64-debian-gcc 0.5.8 236.22 165.58 401.80 OK
r-devel-linux-x86_64-fedora-clang 0.5.8 731.19 NOTE
r-devel-linux-x86_64-fedora-gcc 0.5.8 665.64 OK
r-devel-windows-x86_64-new-UL 0.5.8 336.00 295.00 631.00 OK
r-devel-windows-x86_64-new-TK 0.5.8 OK
r-devel-windows-x86_64-old 0.5.8 353.00 268.00 621.00 OK
r-patched-linux-x86_64 0.5.8 249.02 208.82 457.84 OK
r-release-linux-x86_64 0.5.8 210.59 216.93 427.52 OK
r-release-macos-arm64 0.5.8 NOTE
r-release-macos-x86_64 0.5.8 NOTE
r-release-windows-ix86+x86_64 0.5.8 657.00 354.00 1011.00 OK
r-oldrel-macos-x86_64 0.5.8 NOTE
r-oldrel-windows-ix86+x86_64 0.5.8 654.00 338.00 992.00 OK

Check Details

Version: 0.5.8
Check: installed package size
Result: NOTE
     installed size is 42.2Mb
     sub-directories of 1Mb or more:
     doc 1.0Mb
     libs 40.4Mb
Flavors: r-devel-linux-x86_64-fedora-clang, r-release-macos-arm64, r-release-macos-x86_64, r-oldrel-macos-x86_64