CRAN Package Check Results for Package fdq

Last updated on 2021-06-13 05:51:05 CEST.

Flavor Version Tinstall Tcheck Ttotal Status Flags
r-devel-linux-x86_64-debian-clang 0.12 7.42 64.65 72.07 NOTE
r-devel-linux-x86_64-debian-gcc 0.12 5.69 49.66 55.35 NOTE
r-devel-linux-x86_64-fedora-clang 0.12 95.31 NOTE
r-devel-linux-x86_64-fedora-gcc 0.12 84.79 NOTE
r-devel-windows-x86_64 0.12 11.00 84.00 95.00 NOTE
r-devel-windows-x86_64-gcc10-UCRT 0.12 NOTE
r-patched-linux-x86_64 0.12 7.50 61.40 68.90 NOTE
r-patched-solaris-x86 0.12 138.40 NOTE
r-release-linux-x86_64 0.12 5.43 61.79 67.22 NOTE
r-release-macos-arm64 0.12 NOTE
r-release-macos-x86_64 0.12 NOTE
r-release-windows-ix86+x86_64 0.12 21.00 81.00 102.00 NOTE
r-oldrel-macos-x86_64 0.12 NOTE
r-oldrel-windows-ix86+x86_64 0.12 21.00 85.00 106.00 OK

Check Details

Version: 0.12
Check: LazyData
Result: NOTE
     'LazyData' is specified without a 'data' directory
Flavors: r-devel-linux-x86_64-debian-clang, r-devel-linux-x86_64-debian-gcc, r-devel-linux-x86_64-fedora-clang, r-devel-linux-x86_64-fedora-gcc, r-devel-windows-x86_64, r-devel-windows-x86_64-gcc10-UCRT, r-patched-linux-x86_64, r-patched-solaris-x86, r-release-linux-x86_64, r-release-macos-arm64, r-release-macos-x86_64, r-release-windows-ix86+x86_64

Version: 0.12
Check: dependencies in R code
Result: NOTE
    Namespaces in Imports field not imported from:
     ‘data.table’ ‘ggplot2’ ‘randomcoloR’ ‘sqldf’
     All declared Imports should be used.
Flavors: r-devel-linux-x86_64-fedora-clang, r-devel-linux-x86_64-fedora-gcc, r-devel-windows-x86_64-gcc10-UCRT, r-patched-solaris-x86, r-release-macos-arm64, r-release-macos-x86_64, r-oldrel-macos-x86_64