CRAN Package Check Results for Package featureflag

Last updated on 2022-01-24 05:51:49 CET.

Flavor Version Tinstall Tcheck Ttotal Status Flags
r-devel-linux-x86_64-debian-clang 0.1.0 1.80 33.28 35.08 NOTE
r-devel-linux-x86_64-debian-gcc 0.1.0 1.54 26.13 27.67 NOTE
r-devel-linux-x86_64-fedora-clang 0.1.0 43.78 NOTE
r-devel-linux-x86_64-fedora-gcc 0.1.0 32.79 NOTE
r-devel-windows-x86_64-new-UL 0.1.0 42.00 63.00 105.00 NOTE
r-devel-windows-x86_64-new-TK 0.1.0 NOTE
r-patched-linux-x86_64 0.1.0 1.50 32.83 34.33 NOTE
r-release-linux-x86_64 0.1.0 1.67 31.99 33.66 NOTE
r-release-macos-arm64 0.1.0 NOTE
r-release-macos-x86_64 0.1.0 NOTE
r-release-windows-ix86+x86_64 0.1.0 5.00 41.00 46.00 NOTE
r-oldrel-macos-x86_64 0.1.0 OK
r-oldrel-windows-ix86+x86_64 0.1.0 5.00 41.00 46.00 OK

Check Details

Version: 0.1.0
Check: LazyData
Result: NOTE
     'LazyData' is specified without a 'data' directory
Flavors: r-devel-linux-x86_64-debian-clang, r-devel-linux-x86_64-debian-gcc, r-devel-linux-x86_64-fedora-clang, r-devel-linux-x86_64-fedora-gcc, r-devel-windows-x86_64-new-UL, r-devel-windows-x86_64-new-TK, r-patched-linux-x86_64, r-release-linux-x86_64, r-release-macos-arm64, r-release-macos-x86_64, r-release-windows-ix86+x86_64