CRAN Package Check Results for Package ffscrapr

Last updated on 2022-11-28 04:54:40 CET.

Flavor Version Tinstall Tcheck Ttotal Status Flags
r-devel-linux-x86_64-debian-clang 1.4.7 9.39 253.11 262.50 OK
r-devel-linux-x86_64-debian-gcc 1.4.7 7.47 187.89 195.36 OK
r-devel-linux-x86_64-fedora-clang 1.4.7 325.40 NOTE
r-devel-linux-x86_64-fedora-gcc 1.4.7 352.79 NOTE
r-devel-windows-x86_64 1.4.7 72.00 517.00 589.00 OK
r-patched-linux-x86_64 1.4.7 8.84 239.62 248.46 OK
r-release-linux-x86_64 1.4.7 9.39 213.77 223.16 OK
r-release-macos-arm64 1.4.7 128.00 NOTE
r-release-macos-x86_64 1.4.7 211.00 NOTE
r-release-windows-x86_64 1.4.7 99.00 325.00 424.00 OK
r-oldrel-macos-arm64 1.4.7 140.00 NOTE
r-oldrel-macos-x86_64 1.4.7 180.00 NOTE
r-oldrel-windows-ix86+x86_64 1.4.7 17.00 324.00 341.00 OK

Check Details

Version: 1.4.7
Check: dependencies in R code
Result: NOTE
    Namespace in Imports field not imported from: ‘nflreadr’
     All declared Imports should be used.
Flavors: r-devel-linux-x86_64-fedora-clang, r-devel-linux-x86_64-fedora-gcc, r-release-macos-arm64, r-release-macos-x86_64, r-oldrel-macos-arm64, r-oldrel-macos-x86_64