Last updated on 2022-08-12 05:52:47 CEST.
Flavor | Version | Tinstall | Tcheck | Ttotal | Status | Flags |
---|---|---|---|---|---|---|
r-devel-linux-x86_64-debian-clang | 0.1.2 | 6.70 | 42.61 | 49.31 | OK | |
r-devel-linux-x86_64-debian-gcc | 0.1.2 | 4.16 | 32.93 | 37.09 | OK | |
r-devel-linux-x86_64-fedora-clang | 0.1.2 | 72.84 | NOTE | |||
r-devel-linux-x86_64-fedora-gcc | 0.1.2 | 68.28 | NOTE | |||
r-devel-windows-x86_64 | 0.1.2 | 81.00 | 65.00 | 146.00 | OK | |
r-patched-linux-x86_64 | 0.1.2 | 5.36 | 41.50 | 46.86 | OK | |
r-release-linux-x86_64 | 0.1.2 | 4.59 | 41.15 | 45.74 | OK | |
r-release-macos-arm64 | 0.1.2 | 23.00 | NOTE | |||
r-release-macos-x86_64 | 0.1.2 | 49.00 | NOTE | |||
r-release-windows-x86_64 | 0.1.2 | 57.00 | 69.00 | 126.00 | OK | |
r-oldrel-macos-arm64 | 0.1.2 | 24.00 | NOTE | |||
r-oldrel-macos-x86_64 | 0.1.2 | 31.00 | NOTE | |||
r-oldrel-windows-ix86+x86_64 | 0.1.2 | 16.00 | 76.00 | 92.00 | OK |
Version: 0.1.2
Check: dependencies in R code
Result: NOTE
Namespaces in Imports field not imported from:
‘rclipboard’ ‘shinyBS’ ‘shinyWidgets’ ‘shinyjs’
All declared Imports should be used.
Flavors: r-devel-linux-x86_64-fedora-clang, r-devel-linux-x86_64-fedora-gcc, r-release-macos-arm64, r-release-macos-x86_64, r-oldrel-macos-arm64, r-oldrel-macos-x86_64