CRAN Package Check Results for Package finalfit

Last updated on 2022-01-27 05:55:52 CET.

Flavor Version Tinstall Tcheck Ttotal Status Flags
r-devel-linux-x86_64-debian-clang 1.0.4 16.54 342.16 358.70 OK
r-devel-linux-x86_64-debian-gcc 1.0.4 12.48 253.05 265.53 OK
r-devel-linux-x86_64-fedora-clang 1.0.4 453.23 OK
r-devel-linux-x86_64-fedora-gcc 1.0.4 439.90 OK
r-devel-windows-x86_64-new-UL 1.0.4 134.00 430.00 564.00 OK
r-devel-windows-x86_64-new-TK 1.0.4 ERROR
r-patched-linux-x86_64 1.0.4 19.60 340.72 360.32 OK
r-release-linux-x86_64 1.0.4 11.82 343.63 355.45 OK
r-release-macos-arm64 1.0.4 OK
r-release-macos-x86_64 1.0.4 OK
r-release-windows-ix86+x86_64 1.0.4 31.00 428.00 459.00 OK
r-oldrel-macos-x86_64 1.0.4 OK
r-oldrel-windows-ix86+x86_64 1.0.4 32.00 447.00 479.00 OK

Check Details

Version: 1.0.4
Check: package dependencies
Result: ERROR
    Package required but not available: 'lme4'
    
    Package suggested but not available for checking: 'survminer'
    
    See section 'The DESCRIPTION file' in the 'Writing R Extensions'
    manual.
Flavor: r-devel-windows-x86_64-new-TK