CRAN Package Check Results for Package fitbitr

Last updated on 2022-12-08 06:56:42 CET.

Flavor Version Tinstall Tcheck Ttotal Status Flags
r-devel-linux-x86_64-debian-clang 0.2.0 7.04 62.37 69.41 OK
r-devel-linux-x86_64-debian-gcc 0.2.0 6.25 47.12 53.37 OK
r-devel-linux-x86_64-fedora-clang 0.2.0 94.75 NOTE
r-devel-linux-x86_64-fedora-gcc 0.2.0 92.03 NOTE
r-devel-windows-x86_64 0.2.0 38.00 83.00 121.00 OK
r-patched-linux-x86_64 0.2.0 6.92 56.38 63.30 OK
r-release-linux-x86_64 0.2.0 7.35 58.32 65.67 OK
r-release-macos-arm64 0.2.0 23.00 NOTE
r-release-macos-x86_64 0.2.0 52.00 NOTE
r-release-windows-x86_64 0.2.0 19.00 87.00 106.00 OK
r-oldrel-macos-arm64 0.2.0 34.00 NOTE
r-oldrel-macos-x86_64 0.2.0 39.00 NOTE
r-oldrel-windows-ix86+x86_64 0.2.0 16.00 84.00 100.00 OK

Check Details

Version: 0.2.0
Check: dependencies in R code
Result: NOTE
    Namespace in Imports field not imported from: ‘jsonlite’
     All declared Imports should be used.
Flavors: r-devel-linux-x86_64-fedora-clang, r-devel-linux-x86_64-fedora-gcc, r-release-macos-arm64, r-release-macos-x86_64, r-oldrel-macos-arm64, r-oldrel-macos-x86_64