CRAN Package Check Results for Package flamingos

Last updated on 2021-01-22 05:50:27 CET.

Flavor Version Tinstall Tcheck Ttotal Status Flags
r-devel-linux-x86_64-debian-clang 0.1.0 76.01 170.49 246.50 OK
r-devel-linux-x86_64-debian-gcc 0.1.0 45.94 123.28 169.22 OK
r-devel-linux-x86_64-fedora-clang 0.1.0 303.56 NOTE
r-devel-linux-x86_64-fedora-gcc 0.1.0 287.20 OK
r-devel-windows-ix86+x86_64 0.1.0 170.00 287.00 457.00 NOTE
r-patched-linux-x86_64 0.1.0 56.71 161.08 217.79 OK
r-patched-solaris-x86 0.1.0 434.40 NOTE
r-release-linux-x86_64 0.1.0 54.46 164.37 218.83 OK
r-release-macos-x86_64 0.1.0 NOTE
r-release-windows-ix86+x86_64 0.1.0 120.00 293.00 413.00 NOTE
r-oldrel-macos-x86_64 0.1.0 NOTE
r-oldrel-windows-ix86+x86_64 0.1.0 98.00 231.00 329.00 NOTE

Check Details

Version: 0.1.0
Check: installed package size
Result: NOTE
     installed size is 7.7Mb
     sub-directories of 1Mb or more:
     doc 1.9Mb
     help 2.3Mb
     libs 3.1Mb
Flavors: r-devel-linux-x86_64-fedora-clang, r-devel-windows-ix86+x86_64, r-patched-solaris-x86, r-release-macos-x86_64, r-release-windows-ix86+x86_64, r-oldrel-macos-x86_64, r-oldrel-windows-ix86+x86_64