CRAN Package Check Results for Package flamingos

Last updated on 2022-01-29 05:52:14 CET.

Flavor Version Tinstall Tcheck Ttotal Status Flags
r-devel-linux-x86_64-debian-clang 0.1.0 66.35 180.93 247.28 OK
r-devel-linux-x86_64-debian-gcc 0.1.0 50.64 130.11 180.75 OK
r-devel-linux-x86_64-fedora-clang 0.1.0 308.84 NOTE
r-devel-linux-x86_64-fedora-gcc 0.1.0 295.68 OK
r-devel-windows-x86_64-new-UL 0.1.0 181.00 244.00 425.00 NOTE
r-devel-windows-x86_64-new-TK 0.1.0 OK
r-patched-linux-x86_64 0.1.0 56.05 170.30 226.35 OK
r-release-linux-x86_64 0.1.0 56.18 173.31 229.49 OK
r-release-macos-arm64 0.1.0 NOTE
r-release-macos-x86_64 0.1.0 NOTE
r-release-windows-ix86+x86_64 0.1.0 163.00 286.00 449.00 NOTE
r-oldrel-macos-x86_64 0.1.0 NOTE
r-oldrel-windows-ix86+x86_64 0.1.0 163.00 294.00 457.00 NOTE

Check Details

Version: 0.1.0
Check: installed package size
Result: NOTE
     installed size is 7.2Mb
     sub-directories of 1Mb or more:
     doc 1.9Mb
     help 2.3Mb
     libs 2.6Mb
Flavors: r-devel-linux-x86_64-fedora-clang, r-devel-windows-x86_64-new-UL, r-release-macos-arm64, r-release-macos-x86_64, r-release-windows-ix86+x86_64, r-oldrel-macos-x86_64, r-oldrel-windows-ix86+x86_64