CRAN Package Check Results for Package flan

Last updated on 2019-10-17 05:47:04 CEST.

Flavor Version Tinstall Tcheck Ttotal Status Flags
r-devel-linux-x86_64-debian-clang 0.7 82.40 62.41 144.81 OK
r-devel-linux-x86_64-debian-gcc 0.7 71.16 47.57 118.73 OK
r-devel-linux-x86_64-fedora-clang 0.7 205.67 NOTE
r-devel-linux-x86_64-fedora-gcc 0.7 202.42 OK
r-devel-windows-ix86+x86_64 0.7 211.00 114.00 325.00 OK
r-patched-linux-x86_64 0.7 76.11 61.18 137.29 OK
r-patched-solaris-x86 0.7 195.50 OK
r-release-linux-x86_64 0.7 79.52 61.36 140.88 OK
r-release-windows-ix86+x86_64 0.7 149.00 108.00 257.00 OK
r-release-osx-x86_64 0.7 NOTE
r-oldrel-windows-ix86+x86_64 0.7 153.00 99.00 252.00 OK
r-oldrel-osx-x86_64 0.7 NOTE

Check Details

Version: 0.7
Check: installed package size
Result: NOTE
     installed size is 6.7Mb
     sub-directories of 1Mb or more:
     libs 6.5Mb
Flavors: r-devel-linux-x86_64-fedora-clang, r-release-osx-x86_64, r-oldrel-osx-x86_64