CRAN Package Check Results for Package flan

Last updated on 2020-05-30 05:48:03 CEST.

Flavor Version Tinstall Tcheck Ttotal Status Flags
r-devel-linux-x86_64-debian-clang 0.8 95.76 65.26 161.02 OK
r-devel-linux-x86_64-debian-gcc 0.8 76.05 49.51 125.56 OK
r-devel-linux-x86_64-fedora-clang 0.8 209.57 NOTE
r-devel-linux-x86_64-fedora-gcc 0.8 205.73 OK
r-devel-windows-ix86+x86_64 0.8 219.00 136.00 355.00 OK
r-patched-linux-x86_64 0.8 80.09 64.92 145.01 OK
r-patched-solaris-x86 0.8 204.70 OK
r-release-linux-x86_64 0.8 76.92 64.62 141.54 OK
r-release-osx-x86_64 0.8 NOTE
r-release-windows-ix86+x86_64 0.8 168.00 152.00 320.00 OK
r-oldrel-osx-x86_64 0.8 NOTE
r-oldrel-windows-ix86+x86_64 0.8 219.00 106.00 325.00 OK

Check Details

Version: 0.8
Check: installed package size
Result: NOTE
     installed size is 7.6Mb
     sub-directories of 1Mb or more:
     libs 7.3Mb
Flavors: r-devel-linux-x86_64-fedora-clang, r-release-osx-x86_64, r-oldrel-osx-x86_64