CRAN Package Check Results for Package flan

Last updated on 2022-01-24 05:51:49 CET.

Flavor Version Tinstall Tcheck Ttotal Status Flags
r-devel-linux-x86_64-debian-clang 0.9 95.13 74.19 169.32 OK
r-devel-linux-x86_64-debian-gcc 0.9 69.29 57.37 126.66 OK
r-devel-linux-x86_64-fedora-clang 0.9 233.28 NOTE
r-devel-linux-x86_64-fedora-gcc 0.9 214.32 OK
r-devel-windows-x86_64-new-UL 0.9 80.00 119.00 199.00 OK
r-devel-windows-x86_64-new-TK 0.9 OK
r-patched-linux-x86_64 0.9 83.48 72.77 156.25 OK
r-release-linux-x86_64 0.9 75.74 73.44 149.18 OK
r-release-macos-arm64 0.9 NOTE
r-release-macos-x86_64 0.9 NOTE
r-release-windows-ix86+x86_64 0.9 220.00 138.00 358.00 OK
r-oldrel-macos-x86_64 0.9 NOTE
r-oldrel-windows-ix86+x86_64 0.9 219.00 141.00 360.00 OK

Check Details

Version: 0.9
Check: installed package size
Result: NOTE
     installed size is 6.0Mb
     sub-directories of 1Mb or more:
     libs 5.7Mb
Flavors: r-devel-linux-x86_64-fedora-clang, r-release-macos-arm64, r-release-macos-x86_64, r-oldrel-macos-x86_64