Last updated on 2021-01-18 05:47:24 CET.
Flavor | Version | Tinstall | Tcheck | Ttotal | Status | Flags |
---|---|---|---|---|---|---|
r-devel-linux-x86_64-debian-clang | 0.7.4 | 11.02 | 337.93 | 348.95 | OK | |
r-devel-linux-x86_64-debian-gcc | 0.7.4 | 8.42 | 234.70 | 243.12 | OK | |
r-devel-linux-x86_64-fedora-clang | 0.7.4 | 378.06 | OK | |||
r-devel-linux-x86_64-fedora-gcc | 0.7.4 | 377.75 | OK | |||
r-devel-windows-ix86+x86_64 | 0.7.4 | 17.00 | 260.00 | 277.00 | OK | |
r-patched-linux-x86_64 | 0.7.4 | 6.33 | 283.55 | 289.88 | OK | |
r-patched-solaris-x86 | 0.7.4 | 445.70 | NOTE | |||
r-release-linux-x86_64 | 0.7.4 | 8.80 | 280.22 | 289.02 | OK | |
r-release-macos-x86_64 | 0.7.4 | OK | ||||
r-release-windows-ix86+x86_64 | 0.7.4 | 22.00 | 302.00 | 324.00 | OK | |
r-oldrel-macos-x86_64 | 0.7.4 | OK | ||||
r-oldrel-windows-ix86+x86_64 | 0.7.4 | 15.00 | 229.00 | 244.00 | OK |
Version: 0.7.4
Check: package dependencies
Result: NOTE
Package suggested but not available for checking: ‘xgboost’
Flavor: r-patched-solaris-x86