CRAN Package Check Results for Package flextable

Last updated on 2020-01-19 05:47:06 CET.

Flavor Version Tinstall Tcheck Ttotal Status Flags
r-devel-linux-x86_64-debian-clang 0.5.6 10.54 213.29 223.83 OK
r-devel-linux-x86_64-debian-gcc 0.5.6 6.89 202.87 209.76 OK
r-devel-linux-x86_64-fedora-clang 0.5.6 209.80 OK
r-devel-linux-x86_64-fedora-gcc 0.5.6 191.04 OK
r-devel-windows-ix86+x86_64 0.5.6 23.00 209.00 232.00 OK
r-devel-windows-ix86+x86_64-gcc8 0.5.6 19.00 213.00 232.00 OK
r-patched-linux-x86_64 0.5.6 9.00 178.79 187.79 OK
r-patched-solaris-x86 0.5.6 210.30 OK
r-release-linux-x86_64 0.5.6 6.77 179.74 186.51 OK
r-release-windows-ix86+x86_64 0.5.6 25.00 210.00 235.00 OK
r-release-osx-x86_64 0.5.6 OK
r-oldrel-windows-ix86+x86_64 0.5.6 17.00 147.00 164.00 WARN
r-oldrel-osx-x86_64 0.5.6 OK

Check Details

Version: 0.5.6
Check: re-building of vignette outputs
Result: WARN
    Error in re-building vignettes:
     ...
    Loading required package: xtable
    
    Attaching package: 'xtable'
    
    The following objects are masked from 'package:flextable':
    
     align, display
    
    pandoc.exe: Could not fetch https://www.ardata.fr/img/illustrations/pdf.svg
    HttpExceptionRequest Request {
     host = "www.ardata.fr"
     port = 443
     secure = True
     requestHeaders = []
     path = "/img/illustrations/pdf.svg"
     queryString = ""
     method = "GET"
     proxy = Nothing
     rawBody = False
     redirectCount = 10
     responseTimeout = ResponseTimeoutDefault
     requestVersion = HTTP/1.1
    }
     (InternalException (HostCannotConnect "www.ardata.fr" [connect: failed (Connection timed out (WSAETIMEDOUT))]))
    Error: processing vignette 'overview.Rmd' failed with diagnostics:
    pandoc document conversion failed with error 67
    Execution halted
Flavor: r-oldrel-windows-ix86+x86_64