CRAN Package Check Results for Package flightplot

Last updated on 2023-01-28 05:56:21 CET.

Flavor Version Tinstall Tcheck Ttotal Status Flags
r-devel-linux-x86_64-debian-clang 0.1.0 5.69 54.89 60.58 OK
r-devel-linux-x86_64-debian-gcc 0.1.0 4.92 41.34 46.26 OK
r-devel-linux-x86_64-fedora-clang 0.1.0 73.67 NOTE
r-devel-linux-x86_64-fedora-gcc 0.1.0 72.36 NOTE
r-devel-windows-x86_64 0.1.0 13.00 79.00 92.00 OK
r-patched-linux-x86_64 0.1.0 6.02 53.79 59.81 OK
r-release-linux-x86_64 0.1.0 5.37 54.23 59.60 OK
r-release-macos-arm64 0.1.0 25.00 NOTE
r-release-macos-x86_64 0.1.0 49.00 NOTE
r-release-windows-x86_64 0.1.0 21.00 79.00 100.00 OK
r-oldrel-macos-arm64 0.1.0 30.00 NOTE
r-oldrel-macos-x86_64 0.1.0 38.00 NOTE
r-oldrel-windows-ix86+x86_64 0.1.0 15.00 79.00 94.00 OK

Check Details

Version: 0.1.0
Check: data for non-ASCII characters
Result: NOTE
     Note: found 710 marked UTF-8 strings
Flavors: r-devel-linux-x86_64-fedora-clang, r-devel-linux-x86_64-fedora-gcc, r-release-macos-arm64, r-release-macos-x86_64, r-oldrel-macos-arm64, r-oldrel-macos-x86_64