CRAN Package Check Results for Package flipdownr

Last updated on 2022-12-09 05:54:06 CET.

Flavor Version Tinstall Tcheck Ttotal Status Flags
r-devel-linux-x86_64-debian-clang 0.1.1 1.96 22.16 24.12 NOTE
r-devel-linux-x86_64-debian-gcc 0.1.1 1.65 16.99 18.64 NOTE
r-devel-linux-x86_64-fedora-clang 0.1.1 39.30 NOTE
r-devel-linux-x86_64-fedora-gcc 0.1.1 38.65 NOTE
r-devel-windows-x86_64 0.1.1 7.00 47.00 54.00 NOTE
r-patched-linux-x86_64 0.1.1 2.16 20.56 22.72 NOTE
r-release-linux-x86_64 0.1.1 1.55 21.22 22.77 NOTE
r-release-macos-arm64 0.1.1 15.00 NOTE
r-release-macos-x86_64 0.1.1 20.00 NOTE
r-release-windows-x86_64 0.1.1 12.00 48.00 60.00 NOTE
r-oldrel-macos-arm64 0.1.1 17.00 NOTE
r-oldrel-macos-x86_64 0.1.1 24.00 NOTE
r-oldrel-windows-ix86+x86_64 0.1.1 6.00 43.00 49.00 NOTE

Check Details

Version: 0.1.1
Check: LazyData
Result: NOTE
     'LazyData' is specified without a 'data' directory
Flavors: r-devel-linux-x86_64-debian-clang, r-devel-linux-x86_64-debian-gcc, r-devel-linux-x86_64-fedora-clang, r-devel-linux-x86_64-fedora-gcc, r-devel-windows-x86_64, r-patched-linux-x86_64, r-release-linux-x86_64, r-release-macos-arm64, r-release-macos-x86_64, r-release-windows-x86_64, r-oldrel-macos-arm64, r-oldrel-macos-x86_64, r-oldrel-windows-ix86+x86_64