CRAN Package Check Results for Package flux

Last updated on 2019-08-18 05:46:14 CEST.

Flavor Version Tinstall Tcheck Ttotal Status Flags
r-devel-linux-x86_64-debian-clang 0.3-0 7.00 42.01 49.01 NOTE
r-devel-linux-x86_64-debian-gcc 0.3-0 4.82 33.07 37.89 NOTE
r-devel-linux-x86_64-fedora-clang 0.3-0 58.33 NOTE
r-devel-linux-x86_64-fedora-gcc 0.3-0 55.49 NOTE
r-devel-windows-ix86+x86_64 0.3-0 14.00 75.00 89.00 NOTE
r-patched-linux-x86_64 0.3-0 4.74 41.94 46.68 NOTE
r-patched-solaris-x86 0.3-0 79.20 NOTE
r-release-linux-x86_64 0.3-0 4.29 42.48 46.77 NOTE
r-release-windows-ix86+x86_64 0.3-0 10.00 73.00 83.00 NOTE
r-release-osx-x86_64 0.3-0 NOTE
r-oldrel-windows-ix86+x86_64 0.3-0 10.00 65.00 75.00 NOTE
r-oldrel-osx-x86_64 0.3-0 NOTE

Check Details

Version: 0.3-0
Check: R code for possible problems
Result: NOTE
    export: no visible global function definition for 'write.table'
    flux.odae : <anonymous>: no visible global function definition for
     'combn'
    mf.flux: no visible global function definition for 'runsd'
    plot.fluss: no visible global function definition for 'dev.new'
    plot.fluss: no visible global function definition for 'pdf'
    plot.fluss: no visible global function definition for 'dev.off'
    plot.fluxes: no visible global function definition for 'dev.new'
    plot.fluxes: no visible global function definition for 'devAskNewPage'
    plot.fluxes: no visible global function definition for 'pdf'
    plot.fluxes: no visible global function definition for 'dev.off'
    plot.fluxxes: no visible global function definition for 'dev.new'
    plot.fluxxes: no visible global function definition for 'devAskNewPage'
    plot.fluxxes: no visible global function definition for 'pdf'
    plot.fluxxes: no visible global function definition for 'dev.off'
    reco.bulk : get.out: no visible global function definition for
     'boxplot.stats'
    Undefined global functions or variables:
     boxplot.stats combn dev.new dev.off devAskNewPage pdf runsd
     write.table
    Consider adding
     importFrom("grDevices", "boxplot.stats", "dev.new", "dev.off",
     "devAskNewPage", "pdf")
     importFrom("utils", "combn", "write.table")
    to your NAMESPACE file.
Flavors: r-devel-linux-x86_64-debian-clang, r-devel-linux-x86_64-debian-gcc, r-devel-linux-x86_64-fedora-clang, r-devel-linux-x86_64-fedora-gcc, r-devel-windows-ix86+x86_64, r-patched-linux-x86_64, r-patched-solaris-x86, r-release-linux-x86_64, r-release-windows-ix86+x86_64, r-release-osx-x86_64, r-oldrel-windows-ix86+x86_64, r-oldrel-osx-x86_64

Version: 0.3-0
Check: for non-standard things in the check directory
Result: NOTE
    Found the following files/directories:
     'flux.CH4.txt'
Flavors: r-devel-linux-x86_64-debian-clang, r-devel-linux-x86_64-debian-gcc, r-devel-linux-x86_64-fedora-clang, r-devel-linux-x86_64-fedora-gcc