CRAN Package Check Results for Package fmf

Last updated on 2022-01-17 05:51:08 CET.

Flavor Version Tinstall Tcheck Ttotal Status Flags
r-devel-linux-x86_64-debian-clang 1.1.1 48.23 153.60 201.83 OK
r-devel-linux-x86_64-debian-gcc 1.1.1 40.35 115.63 155.98 OK
r-devel-linux-x86_64-fedora-clang 1.1.1 259.75 OK
r-devel-linux-x86_64-fedora-gcc 1.1.1 236.73 OK
r-devel-windows-x86_64-new-UL 1.1.1 58.00 185.00 243.00 OK
r-devel-windows-x86_64-new-TK 1.1.1 ERROR
r-patched-linux-x86_64 1.1.1 43.60 144.33 187.93 OK
r-release-linux-x86_64 1.1.1 OK
r-release-macos-arm64 1.1.1 OK
r-release-macos-x86_64 1.1.1 OK
r-release-windows-ix86+x86_64 1.1.1 93.00 238.00 331.00 OK
r-oldrel-macos-x86_64 1.1.1 OK
r-oldrel-windows-ix86+x86_64 1.1.1 120.00 244.00 364.00 OK

Check Details

Version: 1.1.1
Check: package dependencies
Result: ERROR
    Packages required but not available: 'FactoMineR', 'factoextra'
    
    See section 'The DESCRIPTION file' in the 'Writing R Extensions'
    manual.
Flavor: r-devel-windows-x86_64-new-TK