CRAN Package Check Results for Package foieGras

Last updated on 2019-12-15 05:47:39 CET.

Flavor Version Tinstall Tcheck Ttotal Status Flags
r-devel-linux-x86_64-debian-clang 0.4.0 126.58 168.26 294.84 OK
r-devel-linux-x86_64-debian-gcc 0.4.0 103.17 131.68 234.85 OK
r-devel-linux-x86_64-fedora-clang 0.4.0 407.66 NOTE
r-devel-linux-x86_64-fedora-gcc 0.4.0 394.25 OK
r-devel-windows-ix86+x86_64 0.4.0 187.00 348.00 535.00 NOTE
r-devel-windows-ix86+x86_64-gcc8 0.4.0 206.00 367.00 573.00 NOTE
r-patched-linux-x86_64 0.4.0 98.57 153.23 251.80 OK
r-patched-solaris-x86 0.4.0 417.40 OK
r-release-linux-x86_64 0.4.0 103.46 152.98 256.44 OK
r-release-windows-ix86+x86_64 0.4.0 180.00 239.00 419.00 NOTE
r-release-osx-x86_64 0.4.0 NOTE
r-oldrel-windows-ix86+x86_64 0.4.0 154.00 241.00 395.00 NOTE
r-oldrel-osx-x86_64 0.4.0 NOTE

Additional issues

clang-UBSAN

Check Details

Version: 0.4.0
Check: installed package size
Result: NOTE
     installed size is 33.1Mb
     sub-directories of 1Mb or more:
     libs 31.8Mb
Flavors: r-devel-linux-x86_64-fedora-clang, r-devel-windows-ix86+x86_64, r-devel-windows-ix86+x86_64-gcc8, r-release-windows-ix86+x86_64, r-release-osx-x86_64, r-oldrel-windows-ix86+x86_64, r-oldrel-osx-x86_64