CRAN Package Check Results for Package foieGras

Last updated on 2022-01-25 05:54:43 CET.

Flavor Version Tinstall Tcheck Ttotal Status Flags
r-devel-linux-x86_64-debian-clang 0.7-6 163.80 488.69 652.49 OK
r-devel-linux-x86_64-debian-gcc 0.7-6 135.02 384.76 519.78 OK
r-devel-linux-x86_64-fedora-clang 0.7-6 805.94 NOTE
r-devel-linux-x86_64-fedora-gcc 0.7-6 849.62 OK
r-devel-windows-x86_64-new-UL 0.7-6 186.00 524.00 710.00 NOTE
r-devel-windows-x86_64-new-TK 0.7-6 OK
r-patched-linux-x86_64 0.7-6 131.26 469.08 600.34 OK
r-release-linux-x86_64 0.7-6 109.79 463.89 573.68 OK
r-release-macos-arm64 0.7-6 NOTE
r-release-macos-x86_64 0.7-6 NOTE
r-release-windows-ix86+x86_64 0.7-6 308.00 803.00 1111.00 NOTE
r-oldrel-macos-x86_64 0.7-6 NOTE
r-oldrel-windows-ix86+x86_64 0.7-6 317.00 826.00 1143.00 NOTE

Check Details

Version: 0.7-6
Check: installed package size
Result: NOTE
     installed size is 33.7Mb
     sub-directories of 1Mb or more:
     libs 32.6Mb
Flavors: r-devel-linux-x86_64-fedora-clang, r-devel-windows-x86_64-new-UL, r-release-macos-arm64, r-release-macos-x86_64, r-release-windows-ix86+x86_64, r-oldrel-macos-x86_64, r-oldrel-windows-ix86+x86_64