CRAN Package Check Results for Package foodingraph

Last updated on 2021-01-18 05:47:24 CET.

Flavor Version Tinstall Tcheck Ttotal Status Flags
r-devel-linux-x86_64-debian-clang 0.1.0 7.85 219.97 227.82 OK
r-devel-linux-x86_64-debian-gcc 0.1.0 6.09 171.89 177.98 OK
r-devel-linux-x86_64-fedora-clang 0.1.0 263.53 NOTE
r-devel-linux-x86_64-fedora-gcc 0.1.0 286.07 NOTE
r-devel-windows-ix86+x86_64 0.1.0 12.00 261.00 273.00 OK
r-patched-linux-x86_64 0.1.0 4.69 223.53 228.22 OK
r-patched-solaris-x86 0.1.0 404.60 NOTE
r-release-linux-x86_64 0.1.0 7.68 223.24 230.92 OK
r-release-macos-x86_64 0.1.0 NOTE
r-release-windows-ix86+x86_64 0.1.0 14.00 236.00 250.00 OK
r-oldrel-macos-x86_64 0.1.0 NOTE
r-oldrel-windows-ix86+x86_64 0.1.0 17.00 229.00 246.00 OK

Check Details

Version: 0.1.0
Check: dependencies in R code
Result: NOTE
    Namespace in Imports field not imported from: ‘grid’
     All declared Imports should be used.
Flavors: r-devel-linux-x86_64-fedora-clang, r-devel-linux-x86_64-fedora-gcc, r-patched-solaris-x86, r-release-macos-x86_64, r-oldrel-macos-x86_64